{"id":9465,"date":"2025-01-04T14:54:03","date_gmt":"2025-01-04T11:54:03","guid":{"rendered":"https:\/\/www.stoneplusturkiye.com\/shop\/?post_type=product&#038;p=9465"},"modified":"2025-04-19T17:58:37","modified_gmt":"2025-04-19T14:58:37","slug":"luks-ahsap-merdiven-tasarimi","status":"publish","type":"product","link":"https:\/\/www.stoneplusturkiye.com\/shop\/urun\/luks-ahsap-merdiven-tasarimi\/","title":{"rendered":"Ev i\u00e7i Ah\u015fap Merdiven Tasar\u0131m\u0131 | Stonewood Lidya"},"content":{"rendered":"<ol>\n<li>L\u00fcks merdiven tasar\u0131mlar\u0131, mek\u00e2nlar\u0131n ruhunu \u015fekillendiren estetik unsurlar\u0131n ba\u015f\u0131nda gelir. \u00c7elik ve ah\u015fab\u0131n zarif birle\u015fimi, bu tasar\u0131mlara hem modern bir dokunu\u015f hem de do\u011fal bir s\u0131cakl\u0131k katar. \u00d6zellikle \u201ck\u00fbshk\u201d (k\u00f6\u015fk) tarz\u0131nda mimari unsurlarla uyumlu olan bu merdivenler, hem sanatsal hem de i\u015flevsel bir de\u011fer ta\u015f\u0131r. \u00c7eli\u011fin dayan\u0131kl\u0131l\u0131\u011f\u0131 ve so\u011fuk dokusu, ah\u015fab\u0131n s\u0131cak ve do\u011fal yap\u0131s\u0131yla harmanland\u0131\u011f\u0131nda ortaya \u00e7\u0131kan uyum, mek\u00e2na hem \u201cnaghsh\u201d (s\u00fcsleme) hem de \u201cjilo\u201d (parlakl\u0131k) katar.Eski Fars\u00e7a\u2019da \u201cdelkash\u201d (\u00e7ekici) olarak tan\u0131mlanabilecek bu tasar\u0131mlar, ge\u00e7mi\u015fin zarafetini gelece\u011fin minimalist \u00e7izgileriyle birle\u015ftirir. Spiral \u00e7elik iskelet \u00fczerinde yer alan masif ah\u015fap basamaklar, bir sanat eseri niteli\u011fi ta\u015f\u0131r. Ah\u015fap t\u00fcrleri aras\u0131nda me\u015fe ve tik, dayan\u0131kl\u0131l\u0131\u011f\u0131 ve do\u011fal dokusuyla \u00f6ne \u00e7\u0131kar. \u00c7elik detaylarda ise paslanmaz ve mat y\u00fczeyler, merdiven tasar\u0131m\u0131n\u0131 \u00e7a\u011fda\u015f bir g\u00f6r\u00fcn\u00fcmle tamamlar.Bu t\u00fcr l\u00fcks merdivenler, \u00f6zellikle \u201cfereshteh\u201d (melek) gibi zarif bir atmosfer yaratmak isteyen mek\u00e2n sahipleri taraf\u0131ndan tercih edilir. Tasar\u0131mlar, yaln\u0131zca g\u00f6rselli\u011fiyle de\u011fil, ayn\u0131 zamanda \u201cpeywand\u201d (ba\u011flant\u0131) unsuru olarak katlar aras\u0131 ge\u00e7i\u015fte bir k\u00f6pr\u00fc g\u00f6revi g\u00f6r\u00fcr. \u00c7elik ve ah\u015fab\u0131n bu kusursuz dans\u0131, mek\u00e2nlara hem sa\u011flaml\u0131k hem de zamans\u0131z bir estetik kazand\u0131r\u0131r. B\u00f6ylece, l\u00fcks merdivenler, her ad\u0131mda \u201cbazm\u201d (\u015f\u00f6len) hissini ya\u015fat\u0131r.<\/li>\n<\/ol>\n","protected":false},"excerpt":{"rendered":"<p>Bu kesik ip merdiven, \u015f\u0131k cam paneller ve Do\u011fal Me\u015fe vurgular\u0131 i\u00e7eren \u00e7a\u011fda\u015f tasar\u0131m ve zarafetin birle\u015fimidir. A\u00e7\u0131k yap\u0131, \u0131\u015f\u0131\u011f\u0131n mekanda sorunsuz bir \u015fekilde akmas\u0131n\u0131 sa\u011flayarak a\u00e7\u0131kl\u0131k ve s\u0131cakl\u0131k hissi yarat\u0131r. Cam korkuluklar modern, minimalist bir dokunu\u015f sa\u011flarken me\u015fe korkuluklar ve basamaklar s\u0131cakl\u0131k ve zarafet katar.<\/p>\n","protected":false},"featured_media":9624,"comment_status":"open","ping_status":"closed","template":"","meta":[],"product_brand":[],"product_cat":[90,89],"product_tag":[93,140,142,141,177,163],"class_list":{"0":"post-9465","1":"product","2":"type-product","3":"status-publish","4":"has-post-thumbnail","6":"product_cat-hazir-doner-merdivenler","7":"product_cat-merdiven-fiyatlari","8":"product_tag-ahsap-basamakli-metal-merdiven","9":"product_tag-dikey-ahsap-merdiven","10":"product_tag-dikey-ahsap-merdiven-fiyatlari","11":"product_tag-duz-ahsap-merdiven","12":"product_tag-ev-ici-ahsap-merdiven","13":"product_tag-luks-ahsap-merdiven-tasarimi","15":"first","16":"instock","17":"shipping-taxable","18":"purchasable","19":"product-type-simple"},"yoast_head":"<!-- This site is optimized with the Yoast SEO Premium plugin v24.8 (Yoast SEO v27.4) - https:\/\/yoast.com\/product\/yoast-seo-premium-wordpress\/ -->\n<title>Ev i\u00e7i Ah\u015fap Merdiven Tasar\u0131m\u0131 | Stonewood Lidya - Stoneplus Ah\u015fap \u00dcr\u00fcnleri<\/title>\n<meta name=\"description\" content=\"Ev i\u00e7i Ah\u015fap Merdiven L\u00fcks Ah\u015fap Merdiven Tasar\u0131m\u0131L\u00fcks Ah\u015fap Merdiven Tasar\u0131m\u0131L\u00fcks Ah\u015fap Merdiven Tasar\u0131m\u0131L\u00fcks Ah\u015fap Merdiven Tasar\u0131m\u0131\" \/>\n<meta name=\"robots\" content=\"index, follow, max-snippet:-1, max-image-preview:large, max-video-preview:-1\" \/>\n<link rel=\"canonical\" href=\"https:\/\/www.stoneplusturkiye.com\/shop\/urun\/luks-ahsap-merdiven-tasarimi\/\" \/>\n<meta property=\"og:locale\" content=\"tr_TR\" \/>\n<meta property=\"og:type\" content=\"article\" \/>\n<meta property=\"og:title\" content=\"Ev i\u00e7i Ah\u015fap Merdiven Tasar\u0131m\u0131 | Stonewood Lidya\" \/>\n<meta property=\"og:description\" content=\"Ev i\u00e7i Ah\u015fap Merdiven L\u00fcks Ah\u015fap Merdiven Tasar\u0131m\u0131L\u00fcks Ah\u015fap Merdiven Tasar\u0131m\u0131L\u00fcks Ah\u015fap Merdiven Tasar\u0131m\u0131L\u00fcks Ah\u015fap Merdiven Tasar\u0131m\u0131\" \/>\n<meta property=\"og:url\" content=\"https:\/\/www.stoneplusturkiye.com\/shop\/urun\/luks-ahsap-merdiven-tasarimi\/\" \/>\n<meta property=\"og:site_name\" content=\"Stoneplus Ah\u015fap \u00dcr\u00fcnleri\" \/>\n<meta property=\"article:publisher\" content=\"https:\/\/www.facebook.com\/stoneplusturkiye\/\" \/>\n<meta property=\"article:modified_time\" content=\"2025-04-19T14:58:37+00:00\" \/>\n<meta property=\"og:image\" content=\"https:\/\/www.stoneplusturkiye.com\/shop\/wp-content\/uploads\/2025\/01\/Lidya-1-min.jpg\" \/>\n\t<meta property=\"og:image:width\" content=\"1500\" \/>\n\t<meta property=\"og:image:height\" content=\"1650\" \/>\n\t<meta property=\"og:image:type\" content=\"image\/jpeg\" \/>\n<meta name=\"twitter:card\" content=\"summary_large_image\" \/>\n<meta name=\"twitter:label1\" content=\"Tahmini okuma s\u00fcresi\" \/>\n\t<meta name=\"twitter:data1\" content=\"2 dakika\" \/>\n<script type=\"application\/ld+json\" class=\"yoast-schema-graph\">{\"@context\":\"https:\\\/\\\/schema.org\",\"@graph\":[{\"@type\":\"WebPage\",\"@id\":\"https:\\\/\\\/www.stoneplusturkiye.com\\\/shop\\\/urun\\\/luks-ahsap-merdiven-tasarimi\\\/\",\"url\":\"https:\\\/\\\/www.stoneplusturkiye.com\\\/shop\\\/urun\\\/luks-ahsap-merdiven-tasarimi\\\/\",\"name\":\"Ev i\u00e7i Ah\u015fap Merdiven Tasar\u0131m\u0131 | Stonewood Lidya - Stoneplus Ah\u015fap \u00dcr\u00fcnleri\",\"isPartOf\":{\"@id\":\"https:\\\/\\\/www.stoneplusturkiye.com\\\/shop\\\/#website\"},\"primaryImageOfPage\":{\"@id\":\"https:\\\/\\\/www.stoneplusturkiye.com\\\/shop\\\/urun\\\/luks-ahsap-merdiven-tasarimi\\\/#primaryimage\"},\"image\":{\"@id\":\"https:\\\/\\\/www.stoneplusturkiye.com\\\/shop\\\/urun\\\/luks-ahsap-merdiven-tasarimi\\\/#primaryimage\"},\"thumbnailUrl\":\"https:\\\/\\\/www.stoneplusturkiye.com\\\/shop\\\/wp-content\\\/uploads\\\/2025\\\/01\\\/Lidya-1-min.jpg\",\"datePublished\":\"2025-01-04T11:54:03+00:00\",\"dateModified\":\"2025-04-19T14:58:37+00:00\",\"description\":\"Ev i\u00e7i Ah\u015fap Merdiven L\u00fcks Ah\u015fap Merdiven Tasar\u0131m\u0131L\u00fcks Ah\u015fap Merdiven Tasar\u0131m\u0131L\u00fcks Ah\u015fap Merdiven Tasar\u0131m\u0131L\u00fcks Ah\u015fap Merdiven Tasar\u0131m\u0131\",\"breadcrumb\":{\"@id\":\"https:\\\/\\\/www.stoneplusturkiye.com\\\/shop\\\/urun\\\/luks-ahsap-merdiven-tasarimi\\\/#breadcrumb\"},\"inLanguage\":\"tr\",\"potentialAction\":[{\"@type\":\"ReadAction\",\"target\":[\"https:\\\/\\\/www.stoneplusturkiye.com\\\/shop\\\/urun\\\/luks-ahsap-merdiven-tasarimi\\\/\"]}]},{\"@type\":\"ImageObject\",\"inLanguage\":\"tr\",\"@id\":\"https:\\\/\\\/www.stoneplusturkiye.com\\\/shop\\\/urun\\\/luks-ahsap-merdiven-tasarimi\\\/#primaryimage\",\"url\":\"https:\\\/\\\/www.stoneplusturkiye.com\\\/shop\\\/wp-content\\\/uploads\\\/2025\\\/01\\\/Lidya-1-min.jpg\",\"contentUrl\":\"https:\\\/\\\/www.stoneplusturkiye.com\\\/shop\\\/wp-content\\\/uploads\\\/2025\\\/01\\\/Lidya-1-min.jpg\",\"width\":1500,\"height\":1650,\"caption\":\"Ev i\u00e7i Ah\u015fap Merdiven\"},{\"@type\":\"BreadcrumbList\",\"@id\":\"https:\\\/\\\/www.stoneplusturkiye.com\\\/shop\\\/urun\\\/luks-ahsap-merdiven-tasarimi\\\/#breadcrumb\",\"itemListElement\":[{\"@type\":\"ListItem\",\"position\":1,\"name\":\"Home\",\"item\":\"https:\\\/\\\/www.stoneplusturkiye.com\\\/shop\\\/\"},{\"@type\":\"ListItem\",\"position\":2,\"name\":\"Ma\u011faza\",\"item\":\"https:\\\/\\\/www.stoneplusturkiye.com\\\/shop\\\/magaza\\\/\"},{\"@type\":\"ListItem\",\"position\":3,\"name\":\"Ev i\u00e7i Ah\u015fap Merdiven Tasar\u0131m\u0131 | Stonewood Lidya\"}]},{\"@type\":\"WebSite\",\"@id\":\"https:\\\/\\\/www.stoneplusturkiye.com\\\/shop\\\/#website\",\"url\":\"https:\\\/\\\/www.stoneplusturkiye.com\\\/shop\\\/\",\"name\":\"Stoneplus Ah\u015fap \u00dcr\u00fcnleri\",\"description\":\"Stonewood Ah\u015fap \u00c7\u00f6z\u00fcmleri\",\"publisher\":{\"@id\":\"https:\\\/\\\/www.stoneplusturkiye.com\\\/shop\\\/#organization\"},\"potentialAction\":[{\"@type\":\"SearchAction\",\"target\":{\"@type\":\"EntryPoint\",\"urlTemplate\":\"https:\\\/\\\/www.stoneplusturkiye.com\\\/shop\\\/?s={search_term_string}\"},\"query-input\":{\"@type\":\"PropertyValueSpecification\",\"valueRequired\":true,\"valueName\":\"search_term_string\"}}],\"inLanguage\":\"tr\"},{\"@type\":\"Organization\",\"@id\":\"https:\\\/\\\/www.stoneplusturkiye.com\\\/shop\\\/#organization\",\"name\":\"Stoneplus \u0130n\u015faat Yap\u0131 Ah\u015fap \u00dcr\u00fcnleri\",\"url\":\"https:\\\/\\\/www.stoneplusturkiye.com\\\/shop\\\/\",\"logo\":{\"@type\":\"ImageObject\",\"inLanguage\":\"tr\",\"@id\":\"https:\\\/\\\/www.stoneplusturkiye.com\\\/shop\\\/#\\\/schema\\\/logo\\\/image\\\/\",\"url\":\"https:\\\/\\\/www.stoneplusturkiye.com\\\/shop\\\/wp-content\\\/uploads\\\/2025\\\/02\\\/stoneplus2.png\",\"contentUrl\":\"https:\\\/\\\/www.stoneplusturkiye.com\\\/shop\\\/wp-content\\\/uploads\\\/2025\\\/02\\\/stoneplus2.png\",\"width\":1000,\"height\":1000,\"caption\":\"Stoneplus \u0130n\u015faat Yap\u0131 Ah\u015fap \u00dcr\u00fcnleri\"},\"image\":{\"@id\":\"https:\\\/\\\/www.stoneplusturkiye.com\\\/shop\\\/#\\\/schema\\\/logo\\\/image\\\/\"},\"sameAs\":[\"https:\\\/\\\/www.facebook.com\\\/stoneplusturkiye\\\/\"],\"description\":\"Stoneplus in\u015faat yap\u0131 ah\u015fap \u00fcr\u00fcnleri\",\"email\":\"bilgi@stoneplusturkiye.com\",\"telephone\":\"08504950590\",\"legalName\":\"Stoneplus \u0130n\u015f. Yap\u0131 Ah\u015fap \u00dcr\u00fcnleri\",\"taxID\":\"7810871242\",\"numberOfEmployees\":{\"@type\":\"QuantitativeValue\",\"minValue\":\"1\",\"maxValue\":\"10\"}}]}<\/script>\n<!-- \/ Yoast SEO Premium plugin. -->","yoast_head_json":{"title":"Ev i\u00e7i Ah\u015fap Merdiven Tasar\u0131m\u0131 | Stonewood Lidya - Stoneplus Ah\u015fap \u00dcr\u00fcnleri","description":"Ev i\u00e7i Ah\u015fap Merdiven L\u00fcks Ah\u015fap Merdiven Tasar\u0131m\u0131L\u00fcks Ah\u015fap Merdiven Tasar\u0131m\u0131L\u00fcks Ah\u015fap Merdiven Tasar\u0131m\u0131L\u00fcks Ah\u015fap Merdiven Tasar\u0131m\u0131","robots":{"index":"index","follow":"follow","max-snippet":"max-snippet:-1","max-image-preview":"max-image-preview:large","max-video-preview":"max-video-preview:-1"},"canonical":"https:\/\/www.stoneplusturkiye.com\/shop\/urun\/luks-ahsap-merdiven-tasarimi\/","og_locale":"tr_TR","og_type":"article","og_title":"Ev i\u00e7i Ah\u015fap Merdiven Tasar\u0131m\u0131 | Stonewood Lidya","og_description":"Ev i\u00e7i Ah\u015fap Merdiven L\u00fcks Ah\u015fap Merdiven Tasar\u0131m\u0131L\u00fcks Ah\u015fap Merdiven Tasar\u0131m\u0131L\u00fcks Ah\u015fap Merdiven Tasar\u0131m\u0131L\u00fcks Ah\u015fap Merdiven Tasar\u0131m\u0131","og_url":"https:\/\/www.stoneplusturkiye.com\/shop\/urun\/luks-ahsap-merdiven-tasarimi\/","og_site_name":"Stoneplus Ah\u015fap \u00dcr\u00fcnleri","article_publisher":"https:\/\/www.facebook.com\/stoneplusturkiye\/","article_modified_time":"2025-04-19T14:58:37+00:00","og_image":[{"width":1500,"height":1650,"url":"https:\/\/www.stoneplusturkiye.com\/shop\/wp-content\/uploads\/2025\/01\/Lidya-1-min.jpg","type":"image\/jpeg"}],"twitter_card":"summary_large_image","twitter_misc":{"Tahmini okuma s\u00fcresi":"2 dakika"},"schema":{"@context":"https:\/\/schema.org","@graph":[{"@type":"WebPage","@id":"https:\/\/www.stoneplusturkiye.com\/shop\/urun\/luks-ahsap-merdiven-tasarimi\/","url":"https:\/\/www.stoneplusturkiye.com\/shop\/urun\/luks-ahsap-merdiven-tasarimi\/","name":"Ev i\u00e7i Ah\u015fap Merdiven Tasar\u0131m\u0131 | Stonewood Lidya - Stoneplus Ah\u015fap \u00dcr\u00fcnleri","isPartOf":{"@id":"https:\/\/www.stoneplusturkiye.com\/shop\/#website"},"primaryImageOfPage":{"@id":"https:\/\/www.stoneplusturkiye.com\/shop\/urun\/luks-ahsap-merdiven-tasarimi\/#primaryimage"},"image":{"@id":"https:\/\/www.stoneplusturkiye.com\/shop\/urun\/luks-ahsap-merdiven-tasarimi\/#primaryimage"},"thumbnailUrl":"https:\/\/www.stoneplusturkiye.com\/shop\/wp-content\/uploads\/2025\/01\/Lidya-1-min.jpg","datePublished":"2025-01-04T11:54:03+00:00","dateModified":"2025-04-19T14:58:37+00:00","description":"Ev i\u00e7i Ah\u015fap Merdiven L\u00fcks Ah\u015fap Merdiven Tasar\u0131m\u0131L\u00fcks Ah\u015fap Merdiven Tasar\u0131m\u0131L\u00fcks Ah\u015fap Merdiven Tasar\u0131m\u0131L\u00fcks Ah\u015fap Merdiven Tasar\u0131m\u0131","breadcrumb":{"@id":"https:\/\/www.stoneplusturkiye.com\/shop\/urun\/luks-ahsap-merdiven-tasarimi\/#breadcrumb"},"inLanguage":"tr","potentialAction":[{"@type":"ReadAction","target":["https:\/\/www.stoneplusturkiye.com\/shop\/urun\/luks-ahsap-merdiven-tasarimi\/"]}]},{"@type":"ImageObject","inLanguage":"tr","@id":"https:\/\/www.stoneplusturkiye.com\/shop\/urun\/luks-ahsap-merdiven-tasarimi\/#primaryimage","url":"https:\/\/www.stoneplusturkiye.com\/shop\/wp-content\/uploads\/2025\/01\/Lidya-1-min.jpg","contentUrl":"https:\/\/www.stoneplusturkiye.com\/shop\/wp-content\/uploads\/2025\/01\/Lidya-1-min.jpg","width":1500,"height":1650,"caption":"Ev i\u00e7i Ah\u015fap Merdiven"},{"@type":"BreadcrumbList","@id":"https:\/\/www.stoneplusturkiye.com\/shop\/urun\/luks-ahsap-merdiven-tasarimi\/#breadcrumb","itemListElement":[{"@type":"ListItem","position":1,"name":"Home","item":"https:\/\/www.stoneplusturkiye.com\/shop\/"},{"@type":"ListItem","position":2,"name":"Ma\u011faza","item":"https:\/\/www.stoneplusturkiye.com\/shop\/magaza\/"},{"@type":"ListItem","position":3,"name":"Ev i\u00e7i Ah\u015fap Merdiven Tasar\u0131m\u0131 | Stonewood Lidya"}]},{"@type":"WebSite","@id":"https:\/\/www.stoneplusturkiye.com\/shop\/#website","url":"https:\/\/www.stoneplusturkiye.com\/shop\/","name":"Stoneplus Ah\u015fap \u00dcr\u00fcnleri","description":"Stonewood Ah\u015fap \u00c7\u00f6z\u00fcmleri","publisher":{"@id":"https:\/\/www.stoneplusturkiye.com\/shop\/#organization"},"potentialAction":[{"@type":"SearchAction","target":{"@type":"EntryPoint","urlTemplate":"https:\/\/www.stoneplusturkiye.com\/shop\/?s={search_term_string}"},"query-input":{"@type":"PropertyValueSpecification","valueRequired":true,"valueName":"search_term_string"}}],"inLanguage":"tr"},{"@type":"Organization","@id":"https:\/\/www.stoneplusturkiye.com\/shop\/#organization","name":"Stoneplus \u0130n\u015faat Yap\u0131 Ah\u015fap \u00dcr\u00fcnleri","url":"https:\/\/www.stoneplusturkiye.com\/shop\/","logo":{"@type":"ImageObject","inLanguage":"tr","@id":"https:\/\/www.stoneplusturkiye.com\/shop\/#\/schema\/logo\/image\/","url":"https:\/\/www.stoneplusturkiye.com\/shop\/wp-content\/uploads\/2025\/02\/stoneplus2.png","contentUrl":"https:\/\/www.stoneplusturkiye.com\/shop\/wp-content\/uploads\/2025\/02\/stoneplus2.png","width":1000,"height":1000,"caption":"Stoneplus \u0130n\u015faat Yap\u0131 Ah\u015fap \u00dcr\u00fcnleri"},"image":{"@id":"https:\/\/www.stoneplusturkiye.com\/shop\/#\/schema\/logo\/image\/"},"sameAs":["https:\/\/www.facebook.com\/stoneplusturkiye\/"],"description":"Stoneplus in\u015faat yap\u0131 ah\u015fap \u00fcr\u00fcnleri","email":"bilgi@stoneplusturkiye.com","telephone":"08504950590","legalName":"Stoneplus \u0130n\u015f. Yap\u0131 Ah\u015fap \u00dcr\u00fcnleri","taxID":"7810871242","numberOfEmployees":{"@type":"QuantitativeValue","minValue":"1","maxValue":"10"}}]}},"_links":{"self":[{"href":"https:\/\/www.stoneplusturkiye.com\/shop\/wp-json\/wp\/v2\/product\/9465","targetHints":{"allow":["GET"]}}],"collection":[{"href":"https:\/\/www.stoneplusturkiye.com\/shop\/wp-json\/wp\/v2\/product"}],"about":[{"href":"https:\/\/www.stoneplusturkiye.com\/shop\/wp-json\/wp\/v2\/types\/product"}],"replies":[{"embeddable":true,"href":"https:\/\/www.stoneplusturkiye.com\/shop\/wp-json\/wp\/v2\/comments?post=9465"}],"version-history":[{"count":7,"href":"https:\/\/www.stoneplusturkiye.com\/shop\/wp-json\/wp\/v2\/product\/9465\/revisions"}],"predecessor-version":[{"id":9710,"href":"https:\/\/www.stoneplusturkiye.com\/shop\/wp-json\/wp\/v2\/product\/9465\/revisions\/9710"}],"wp:featuredmedia":[{"embeddable":true,"href":"https:\/\/www.stoneplusturkiye.com\/shop\/wp-json\/wp\/v2\/media\/9624"}],"wp:attachment":[{"href":"https:\/\/www.stoneplusturkiye.com\/shop\/wp-json\/wp\/v2\/media?parent=9465"}],"wp:term":[{"taxonomy":"product_brand","embeddable":true,"href":"https:\/\/www.stoneplusturkiye.com\/shop\/wp-json\/wp\/v2\/product_brand?post=9465"},{"taxonomy":"product_cat","embeddable":true,"href":"https:\/\/www.stoneplusturkiye.com\/shop\/wp-json\/wp\/v2\/product_cat?post=9465"},{"taxonomy":"product_tag","embeddable":true,"href":"https:\/\/www.stoneplusturkiye.com\/shop\/wp-json\/wp\/v2\/product_tag?post=9465"}],"curies":[{"name":"wp","href":"https:\/\/api.w.org\/{rel}","templated":true}]}}