{"id":1887,"date":"2024-01-13T17:57:54","date_gmt":"2024-01-13T14:57:54","guid":{"rendered":"https:\/\/www.stoneplusturkiye.com\/shop\/?post_type=product&#038;p=1887"},"modified":"2025-05-03T17:41:38","modified_gmt":"2025-05-03T14:41:38","slug":"klasik-ahsap-cami-mihrabi","status":"publish","type":"product","link":"https:\/\/www.stoneplusturkiye.com\/shop\/urun\/klasik-ahsap-cami-mihrabi\/","title":{"rendered":"Klasik Ah\u015fap Cami Mihrab\u0131"},"content":{"rendered":"<p><strong>&#8220;Klasik cami mihrab\u0131<\/strong>&#8221; ifadesi, genellikle camilerde kullan\u0131lan vaaz ve hutbe verilen yerler i\u00e7in tasarlanm\u0131\u015f modern tasar\u0131ml\u0131 k\u00fcrs\u00fcleri ifade eder. Cami k\u00fcrs\u00fcleri, imam veya vaizin cemaate hitap etti\u011fi, ibadetler s\u0131ras\u0131nda \u00f6nemli bir rol oynayan \u00f6zel bir alan\u0131 temsil eder.<\/p>\n<p>Modern cami k\u00fcrs\u00fcleri genellikle estetik a\u00e7\u0131dan \u00e7a\u011fda\u015f tasar\u0131mlara sahiptir ve geleneksel mimari ile uyumlu olabilirler. Ah\u015fap, metal, cam veya di\u011fer modern malzemeler kullan\u0131larak \u00fcretilebilirler. Ayr\u0131ca, teknolojik \u00f6zelliklere sahip olabilirler, \u00f6rne\u011fin mikrofon ve hoparl\u00f6r sistemleri entegre edilebilir, dijital ekranlar eklenmi\u015f olabilir.<\/p>\n<p>Bu t\u00fcr k\u00fcrs\u00fcler, hem estetik hem de i\u015flevsel a\u00e7\u0131dan cami i\u00e7 mekan tasar\u0131m\u0131na katk\u0131da bulunabilir. Ancak, her cami toplulu\u011fu veya mimari tasar\u0131m ekibi farkl\u0131 ihtiya\u00e7lara ve tercihlere sahip oldu\u011fu i\u00e7in, &#8220;modern cami k\u00fcrs\u00fcs\u00fc&#8221; tasar\u0131m\u0131 geni\u015f bir yelpazede olabilir. Tasar\u0131m genellikle caminin \u00f6zel gereksinimlerine ve toplulu\u011fun estetik tercihlerine uygun olarak \u00f6zelle\u015ftirilir.<\/p>\n","protected":false},"excerpt":{"rendered":"<p><span style=\"color: #544538;\">Suya ve Ya\u011fmura Dayan\u0131kl\u0131, 0,16 Kuruluk Oran\u0131na Sahip, Kusursuz Cnc \u0130\u015fleme Teknolojisiyle, Ya\u015fam Alanlar\u0131n\u0131za De\u011fer Katacak Ah\u015fap mihrap, minber ve k\u00fcrs\u00fc uygulamalar\u0131.<\/span><br \/>\n<span style=\"color: #544538;\">\u00dcr\u00fcnlerimizi \u0130ste\u011finize uygun projelendirip, tasar\u0131msal se\u00e7enekleri mimarlar\u0131m\u0131zla birlikte tasarl\u0131yor, ortalama 20 g\u00fcn i\u00e7erisinde kargoya veriyoruz. \u0130\u00e7 ve D\u0131\u015f alanlarda rahatl\u0131kla kullanabilece\u011finiz, neme ve rutubete dayan\u0131kl\u0131d\u0131r. Ah\u015fap Kal\u0131nl\u0131\u011f\u0131 6 mm olarak fiyatland\u0131r\u0131lm\u0131\u015ft\u0131r. Desenler ve taslak \u00f6l\u00e7\u00fcler ibadethaneye g\u00f6re de\u011fi\u015fiklik g\u00f6sterebilmektedir. \u00d6l\u00e7\u00fclere g\u00f6re tekrar projelendirebilmekteyiz.\u00a0 Aksesuarlar Bronz veya prin\u00e7 olarak de\u011fi\u015fkenlik g\u00f6sterebilmektedir. \u00dcr\u00fcn Fiyat\u0131 Sadece K\u00fcrs\u00fcy\u00fc Kapsamaktad\u0131r.\u00a0 Di\u011fer tasar\u0131m se\u00e7enekleri ve seti haricen fiyatland\u0131r\u0131lmaktad\u0131r.\u00a0<\/span><\/p>\n","protected":false},"featured_media":1889,"comment_status":"open","ping_status":"closed","template":"","meta":[],"product_brand":[],"product_cat":[102],"product_tag":[103,106,105,104],"class_list":{"0":"post-1887","1":"product","2":"type-product","3":"status-publish","4":"has-post-thumbnail","6":"product_cat-cami-mihraplari-ve-fiyatlari","7":"product_tag-ahsap-cami-mihrabi","8":"product_tag-cami-mihrap-tasarimlari","9":"product_tag-mihrap-fiyatlari","10":"product_tag-mihrap-modelleri","12":"first","13":"instock","14":"shipping-taxable","15":"purchasable","16":"product-type-simple"},"yoast_head":"<!-- This site is optimized with the Yoast SEO Premium plugin v24.8 (Yoast SEO v27.3) - https:\/\/yoast.com\/product\/yoast-seo-premium-wordpress\/ -->\n<title>Klasik Ah\u015fap Cami Mihrab\u0131 - Stoneplus Ah\u015fap \u00dcr\u00fcnleri<\/title>\n<meta name=\"robots\" content=\"index, follow, max-snippet:-1, max-image-preview:large, max-video-preview:-1\" \/>\n<link rel=\"canonical\" href=\"https:\/\/www.stoneplusturkiye.com\/shop\/urun\/klasik-ahsap-cami-mihrabi\/\" \/>\n<meta property=\"og:locale\" content=\"tr_TR\" \/>\n<meta property=\"og:type\" content=\"article\" \/>\n<meta property=\"og:title\" content=\"Klasik Ah\u015fap Cami Mihrab\u0131\" \/>\n<meta property=\"og:description\" content=\"Suya ve Ya\u011fmura Dayan\u0131kl\u0131, 0,16 Kuruluk Oran\u0131na Sahip, Kusursuz Cnc \u0130\u015fleme Teknolojisiyle, Ya\u015fam Alanlar\u0131n\u0131za De\u011fer Katacak Ah\u015fap mihrap, minber ve k\u00fcrs\u00fc uygulamalar\u0131. \u00dcr\u00fcnlerimizi \u0130ste\u011finize uygun projelendirip, tasar\u0131msal se\u00e7enekleri mimarlar\u0131m\u0131zla birlikte tasarl\u0131yor, ortalama 20 g\u00fcn i\u00e7erisinde kargoya veriyoruz. \u0130\u00e7 ve D\u0131\u015f alanlarda rahatl\u0131kla kullanabilece\u011finiz, neme ve rutubete dayan\u0131kl\u0131d\u0131r. Ah\u015fap Kal\u0131nl\u0131\u011f\u0131 6 mm olarak fiyatland\u0131r\u0131lm\u0131\u015ft\u0131r. Desenler ve taslak \u00f6l\u00e7\u00fcler ibadethaneye g\u00f6re de\u011fi\u015fiklik g\u00f6sterebilmektedir. \u00d6l\u00e7\u00fclere g\u00f6re tekrar projelendirebilmekteyiz.\u00a0 Aksesuarlar Bronz veya prin\u00e7 olarak de\u011fi\u015fkenlik g\u00f6sterebilmektedir. \u00dcr\u00fcn Fiyat\u0131 Sadece K\u00fcrs\u00fcy\u00fc Kapsamaktad\u0131r.\u00a0 Di\u011fer tasar\u0131m se\u00e7enekleri ve seti haricen fiyatland\u0131r\u0131lmaktad\u0131r.\u00a0\" \/>\n<meta property=\"og:url\" content=\"https:\/\/www.stoneplusturkiye.com\/shop\/urun\/klasik-ahsap-cami-mihrabi\/\" \/>\n<meta property=\"og:site_name\" content=\"Stoneplus Ah\u015fap \u00dcr\u00fcnleri\" \/>\n<meta property=\"article:publisher\" content=\"https:\/\/www.facebook.com\/stoneplusturkiye\/\" \/>\n<meta property=\"article:modified_time\" content=\"2025-05-03T14:41:38+00:00\" \/>\n<meta property=\"og:image\" content=\"https:\/\/www.stoneplusturkiye.com\/shop\/wp-content\/uploads\/2024\/01\/mihrap-2.jpg\" \/>\n\t<meta property=\"og:image:width\" content=\"1000\" \/>\n\t<meta property=\"og:image:height\" content=\"1100\" \/>\n\t<meta property=\"og:image:type\" content=\"image\/jpeg\" \/>\n<meta name=\"twitter:card\" content=\"summary_large_image\" \/>\n<meta name=\"twitter:label1\" content=\"Tahmini okuma s\u00fcresi\" \/>\n\t<meta name=\"twitter:data1\" content=\"1 dakika\" \/>\n<script type=\"application\/ld+json\" class=\"yoast-schema-graph\">{\"@context\":\"https:\\\/\\\/schema.org\",\"@graph\":[{\"@type\":\"WebPage\",\"@id\":\"https:\\\/\\\/www.stoneplusturkiye.com\\\/shop\\\/urun\\\/klasik-ahsap-cami-mihrabi\\\/\",\"url\":\"https:\\\/\\\/www.stoneplusturkiye.com\\\/shop\\\/urun\\\/klasik-ahsap-cami-mihrabi\\\/\",\"name\":\"Klasik Ah\u015fap Cami Mihrab\u0131 - Stoneplus Ah\u015fap \u00dcr\u00fcnleri\",\"isPartOf\":{\"@id\":\"https:\\\/\\\/www.stoneplusturkiye.com\\\/shop\\\/#website\"},\"primaryImageOfPage\":{\"@id\":\"https:\\\/\\\/www.stoneplusturkiye.com\\\/shop\\\/urun\\\/klasik-ahsap-cami-mihrabi\\\/#primaryimage\"},\"image\":{\"@id\":\"https:\\\/\\\/www.stoneplusturkiye.com\\\/shop\\\/urun\\\/klasik-ahsap-cami-mihrabi\\\/#primaryimage\"},\"thumbnailUrl\":\"https:\\\/\\\/www.stoneplusturkiye.com\\\/shop\\\/wp-content\\\/uploads\\\/2024\\\/01\\\/mihrap-2.jpg\",\"datePublished\":\"2024-01-13T14:57:54+00:00\",\"dateModified\":\"2025-05-03T14:41:38+00:00\",\"breadcrumb\":{\"@id\":\"https:\\\/\\\/www.stoneplusturkiye.com\\\/shop\\\/urun\\\/klasik-ahsap-cami-mihrabi\\\/#breadcrumb\"},\"inLanguage\":\"tr\",\"potentialAction\":[{\"@type\":\"ReadAction\",\"target\":[\"https:\\\/\\\/www.stoneplusturkiye.com\\\/shop\\\/urun\\\/klasik-ahsap-cami-mihrabi\\\/\"]}]},{\"@type\":\"ImageObject\",\"inLanguage\":\"tr\",\"@id\":\"https:\\\/\\\/www.stoneplusturkiye.com\\\/shop\\\/urun\\\/klasik-ahsap-cami-mihrabi\\\/#primaryimage\",\"url\":\"https:\\\/\\\/www.stoneplusturkiye.com\\\/shop\\\/wp-content\\\/uploads\\\/2024\\\/01\\\/mihrap-2.jpg\",\"contentUrl\":\"https:\\\/\\\/www.stoneplusturkiye.com\\\/shop\\\/wp-content\\\/uploads\\\/2024\\\/01\\\/mihrap-2.jpg\",\"width\":1000,\"height\":1100,\"caption\":\"Klasik Cami Mihrab\u0131\"},{\"@type\":\"BreadcrumbList\",\"@id\":\"https:\\\/\\\/www.stoneplusturkiye.com\\\/shop\\\/urun\\\/klasik-ahsap-cami-mihrabi\\\/#breadcrumb\",\"itemListElement\":[{\"@type\":\"ListItem\",\"position\":1,\"name\":\"Home\",\"item\":\"https:\\\/\\\/www.stoneplusturkiye.com\\\/shop\\\/\"},{\"@type\":\"ListItem\",\"position\":2,\"name\":\"Ma\u011faza\",\"item\":\"https:\\\/\\\/www.stoneplusturkiye.com\\\/shop\\\/magaza\\\/\"},{\"@type\":\"ListItem\",\"position\":3,\"name\":\"Klasik Ah\u015fap Cami Mihrab\u0131\"}]},{\"@type\":\"WebSite\",\"@id\":\"https:\\\/\\\/www.stoneplusturkiye.com\\\/shop\\\/#website\",\"url\":\"https:\\\/\\\/www.stoneplusturkiye.com\\\/shop\\\/\",\"name\":\"Stoneplus Ah\u015fap \u00dcr\u00fcnleri\",\"description\":\"Stonewood Ah\u015fap \u00c7\u00f6z\u00fcmleri\",\"publisher\":{\"@id\":\"https:\\\/\\\/www.stoneplusturkiye.com\\\/shop\\\/#organization\"},\"potentialAction\":[{\"@type\":\"SearchAction\",\"target\":{\"@type\":\"EntryPoint\",\"urlTemplate\":\"https:\\\/\\\/www.stoneplusturkiye.com\\\/shop\\\/?s={search_term_string}\"},\"query-input\":{\"@type\":\"PropertyValueSpecification\",\"valueRequired\":true,\"valueName\":\"search_term_string\"}}],\"inLanguage\":\"tr\"},{\"@type\":\"Organization\",\"@id\":\"https:\\\/\\\/www.stoneplusturkiye.com\\\/shop\\\/#organization\",\"name\":\"Stoneplus \u0130n\u015faat Yap\u0131 Ah\u015fap \u00dcr\u00fcnleri\",\"url\":\"https:\\\/\\\/www.stoneplusturkiye.com\\\/shop\\\/\",\"logo\":{\"@type\":\"ImageObject\",\"inLanguage\":\"tr\",\"@id\":\"https:\\\/\\\/www.stoneplusturkiye.com\\\/shop\\\/#\\\/schema\\\/logo\\\/image\\\/\",\"url\":\"https:\\\/\\\/www.stoneplusturkiye.com\\\/shop\\\/wp-content\\\/uploads\\\/2025\\\/02\\\/stoneplus2.png\",\"contentUrl\":\"https:\\\/\\\/www.stoneplusturkiye.com\\\/shop\\\/wp-content\\\/uploads\\\/2025\\\/02\\\/stoneplus2.png\",\"width\":1000,\"height\":1000,\"caption\":\"Stoneplus \u0130n\u015faat Yap\u0131 Ah\u015fap \u00dcr\u00fcnleri\"},\"image\":{\"@id\":\"https:\\\/\\\/www.stoneplusturkiye.com\\\/shop\\\/#\\\/schema\\\/logo\\\/image\\\/\"},\"sameAs\":[\"https:\\\/\\\/www.facebook.com\\\/stoneplusturkiye\\\/\"],\"description\":\"Stoneplus in\u015faat yap\u0131 ah\u015fap \u00fcr\u00fcnleri\",\"email\":\"bilgi@stoneplusturkiye.com\",\"telephone\":\"08504950590\",\"legalName\":\"Stoneplus \u0130n\u015f. Yap\u0131 Ah\u015fap \u00dcr\u00fcnleri\",\"taxID\":\"7810871242\",\"numberOfEmployees\":{\"@type\":\"QuantitativeValue\",\"minValue\":\"1\",\"maxValue\":\"10\"}}]}<\/script>\n<!-- \/ Yoast SEO Premium plugin. -->","yoast_head_json":{"title":"Klasik Ah\u015fap Cami Mihrab\u0131 - Stoneplus Ah\u015fap \u00dcr\u00fcnleri","robots":{"index":"index","follow":"follow","max-snippet":"max-snippet:-1","max-image-preview":"max-image-preview:large","max-video-preview":"max-video-preview:-1"},"canonical":"https:\/\/www.stoneplusturkiye.com\/shop\/urun\/klasik-ahsap-cami-mihrabi\/","og_locale":"tr_TR","og_type":"article","og_title":"Klasik Ah\u015fap Cami Mihrab\u0131","og_description":"Suya ve Ya\u011fmura Dayan\u0131kl\u0131, 0,16 Kuruluk Oran\u0131na Sahip, Kusursuz Cnc \u0130\u015fleme Teknolojisiyle, Ya\u015fam Alanlar\u0131n\u0131za De\u011fer Katacak Ah\u015fap mihrap, minber ve k\u00fcrs\u00fc uygulamalar\u0131. \u00dcr\u00fcnlerimizi \u0130ste\u011finize uygun projelendirip, tasar\u0131msal se\u00e7enekleri mimarlar\u0131m\u0131zla birlikte tasarl\u0131yor, ortalama 20 g\u00fcn i\u00e7erisinde kargoya veriyoruz. \u0130\u00e7 ve D\u0131\u015f alanlarda rahatl\u0131kla kullanabilece\u011finiz, neme ve rutubete dayan\u0131kl\u0131d\u0131r. Ah\u015fap Kal\u0131nl\u0131\u011f\u0131 6 mm olarak fiyatland\u0131r\u0131lm\u0131\u015ft\u0131r. Desenler ve taslak \u00f6l\u00e7\u00fcler ibadethaneye g\u00f6re de\u011fi\u015fiklik g\u00f6sterebilmektedir. \u00d6l\u00e7\u00fclere g\u00f6re tekrar projelendirebilmekteyiz.\u00a0 Aksesuarlar Bronz veya prin\u00e7 olarak de\u011fi\u015fkenlik g\u00f6sterebilmektedir. \u00dcr\u00fcn Fiyat\u0131 Sadece K\u00fcrs\u00fcy\u00fc Kapsamaktad\u0131r.\u00a0 Di\u011fer tasar\u0131m se\u00e7enekleri ve seti haricen fiyatland\u0131r\u0131lmaktad\u0131r.\u00a0","og_url":"https:\/\/www.stoneplusturkiye.com\/shop\/urun\/klasik-ahsap-cami-mihrabi\/","og_site_name":"Stoneplus Ah\u015fap \u00dcr\u00fcnleri","article_publisher":"https:\/\/www.facebook.com\/stoneplusturkiye\/","article_modified_time":"2025-05-03T14:41:38+00:00","og_image":[{"width":1000,"height":1100,"url":"https:\/\/www.stoneplusturkiye.com\/shop\/wp-content\/uploads\/2024\/01\/mihrap-2.jpg","type":"image\/jpeg"}],"twitter_card":"summary_large_image","twitter_misc":{"Tahmini okuma s\u00fcresi":"1 dakika"},"schema":{"@context":"https:\/\/schema.org","@graph":[{"@type":"WebPage","@id":"https:\/\/www.stoneplusturkiye.com\/shop\/urun\/klasik-ahsap-cami-mihrabi\/","url":"https:\/\/www.stoneplusturkiye.com\/shop\/urun\/klasik-ahsap-cami-mihrabi\/","name":"Klasik Ah\u015fap Cami Mihrab\u0131 - Stoneplus Ah\u015fap \u00dcr\u00fcnleri","isPartOf":{"@id":"https:\/\/www.stoneplusturkiye.com\/shop\/#website"},"primaryImageOfPage":{"@id":"https:\/\/www.stoneplusturkiye.com\/shop\/urun\/klasik-ahsap-cami-mihrabi\/#primaryimage"},"image":{"@id":"https:\/\/www.stoneplusturkiye.com\/shop\/urun\/klasik-ahsap-cami-mihrabi\/#primaryimage"},"thumbnailUrl":"https:\/\/www.stoneplusturkiye.com\/shop\/wp-content\/uploads\/2024\/01\/mihrap-2.jpg","datePublished":"2024-01-13T14:57:54+00:00","dateModified":"2025-05-03T14:41:38+00:00","breadcrumb":{"@id":"https:\/\/www.stoneplusturkiye.com\/shop\/urun\/klasik-ahsap-cami-mihrabi\/#breadcrumb"},"inLanguage":"tr","potentialAction":[{"@type":"ReadAction","target":["https:\/\/www.stoneplusturkiye.com\/shop\/urun\/klasik-ahsap-cami-mihrabi\/"]}]},{"@type":"ImageObject","inLanguage":"tr","@id":"https:\/\/www.stoneplusturkiye.com\/shop\/urun\/klasik-ahsap-cami-mihrabi\/#primaryimage","url":"https:\/\/www.stoneplusturkiye.com\/shop\/wp-content\/uploads\/2024\/01\/mihrap-2.jpg","contentUrl":"https:\/\/www.stoneplusturkiye.com\/shop\/wp-content\/uploads\/2024\/01\/mihrap-2.jpg","width":1000,"height":1100,"caption":"Klasik Cami Mihrab\u0131"},{"@type":"BreadcrumbList","@id":"https:\/\/www.stoneplusturkiye.com\/shop\/urun\/klasik-ahsap-cami-mihrabi\/#breadcrumb","itemListElement":[{"@type":"ListItem","position":1,"name":"Home","item":"https:\/\/www.stoneplusturkiye.com\/shop\/"},{"@type":"ListItem","position":2,"name":"Ma\u011faza","item":"https:\/\/www.stoneplusturkiye.com\/shop\/magaza\/"},{"@type":"ListItem","position":3,"name":"Klasik Ah\u015fap Cami Mihrab\u0131"}]},{"@type":"WebSite","@id":"https:\/\/www.stoneplusturkiye.com\/shop\/#website","url":"https:\/\/www.stoneplusturkiye.com\/shop\/","name":"Stoneplus Ah\u015fap \u00dcr\u00fcnleri","description":"Stonewood Ah\u015fap \u00c7\u00f6z\u00fcmleri","publisher":{"@id":"https:\/\/www.stoneplusturkiye.com\/shop\/#organization"},"potentialAction":[{"@type":"SearchAction","target":{"@type":"EntryPoint","urlTemplate":"https:\/\/www.stoneplusturkiye.com\/shop\/?s={search_term_string}"},"query-input":{"@type":"PropertyValueSpecification","valueRequired":true,"valueName":"search_term_string"}}],"inLanguage":"tr"},{"@type":"Organization","@id":"https:\/\/www.stoneplusturkiye.com\/shop\/#organization","name":"Stoneplus \u0130n\u015faat Yap\u0131 Ah\u015fap \u00dcr\u00fcnleri","url":"https:\/\/www.stoneplusturkiye.com\/shop\/","logo":{"@type":"ImageObject","inLanguage":"tr","@id":"https:\/\/www.stoneplusturkiye.com\/shop\/#\/schema\/logo\/image\/","url":"https:\/\/www.stoneplusturkiye.com\/shop\/wp-content\/uploads\/2025\/02\/stoneplus2.png","contentUrl":"https:\/\/www.stoneplusturkiye.com\/shop\/wp-content\/uploads\/2025\/02\/stoneplus2.png","width":1000,"height":1000,"caption":"Stoneplus \u0130n\u015faat Yap\u0131 Ah\u015fap \u00dcr\u00fcnleri"},"image":{"@id":"https:\/\/www.stoneplusturkiye.com\/shop\/#\/schema\/logo\/image\/"},"sameAs":["https:\/\/www.facebook.com\/stoneplusturkiye\/"],"description":"Stoneplus in\u015faat yap\u0131 ah\u015fap \u00fcr\u00fcnleri","email":"bilgi@stoneplusturkiye.com","telephone":"08504950590","legalName":"Stoneplus \u0130n\u015f. Yap\u0131 Ah\u015fap \u00dcr\u00fcnleri","taxID":"7810871242","numberOfEmployees":{"@type":"QuantitativeValue","minValue":"1","maxValue":"10"}}]}},"_links":{"self":[{"href":"https:\/\/www.stoneplusturkiye.com\/shop\/wp-json\/wp\/v2\/product\/1887","targetHints":{"allow":["GET"]}}],"collection":[{"href":"https:\/\/www.stoneplusturkiye.com\/shop\/wp-json\/wp\/v2\/product"}],"about":[{"href":"https:\/\/www.stoneplusturkiye.com\/shop\/wp-json\/wp\/v2\/types\/product"}],"replies":[{"embeddable":true,"href":"https:\/\/www.stoneplusturkiye.com\/shop\/wp-json\/wp\/v2\/comments?post=1887"}],"version-history":[{"count":2,"href":"https:\/\/www.stoneplusturkiye.com\/shop\/wp-json\/wp\/v2\/product\/1887\/revisions"}],"predecessor-version":[{"id":1890,"href":"https:\/\/www.stoneplusturkiye.com\/shop\/wp-json\/wp\/v2\/product\/1887\/revisions\/1890"}],"wp:featuredmedia":[{"embeddable":true,"href":"https:\/\/www.stoneplusturkiye.com\/shop\/wp-json\/wp\/v2\/media\/1889"}],"wp:attachment":[{"href":"https:\/\/www.stoneplusturkiye.com\/shop\/wp-json\/wp\/v2\/media?parent=1887"}],"wp:term":[{"taxonomy":"product_brand","embeddable":true,"href":"https:\/\/www.stoneplusturkiye.com\/shop\/wp-json\/wp\/v2\/product_brand?post=1887"},{"taxonomy":"product_cat","embeddable":true,"href":"https:\/\/www.stoneplusturkiye.com\/shop\/wp-json\/wp\/v2\/product_cat?post=1887"},{"taxonomy":"product_tag","embeddable":true,"href":"https:\/\/www.stoneplusturkiye.com\/shop\/wp-json\/wp\/v2\/product_tag?post=1887"}],"curies":[{"name":"wp","href":"https:\/\/api.w.org\/{rel}","templated":true}]}}