{"id":10756,"date":"2025-06-19T12:38:04","date_gmt":"2025-06-19T09:38:04","guid":{"rendered":"https:\/\/www.stoneplusturkiye.com\/shop\/?post_type=product&#038;p=10756"},"modified":"2025-06-19T13:42:18","modified_gmt":"2025-06-19T10:42:18","slug":"cocuk-oyun-parki-fiyatlari","status":"publish","type":"product","link":"https:\/\/www.stoneplusturkiye.com\/shop\/urun\/cocuk-oyun-parki-fiyatlari\/","title":{"rendered":"\u00c7ocuk Oyun Park\u0131 Fiyatlar\u0131 | Stonewood Ku\u015f"},"content":{"rendered":"<p data-start=\"0\" data-end=\"325\"><strong data-start=\"0\" data-end=\"30\">\u00c7ocuk Oyun Alan\u0131 Modelleri<\/strong><br data-start=\"30\" data-end=\"33\" \/>\u00c7ocuk oyun alan\u0131 modelleri, farkl\u0131 ya\u015f gruplar\u0131na ve mek\u00e2nlara uygun se\u00e7enekleriyle hem e\u011flenceyi hem de geli\u015fimi destekleyen yap\u0131lar sunar. Gerek i\u00e7 mekanlarda gerekse d\u0131\u015f mekanlarda kullan\u0131labilen bu modeller, \u00e7ocuklar\u0131n fiziksel, sosyal ve zihinsel becerilerini geli\u015ftirmeye yard\u0131mc\u0131 olur.<\/p>\n<p data-start=\"327\" data-end=\"670\"><strong data-start=\"327\" data-end=\"362\">Bah\u00e7e tipi oyun alan\u0131 modelleri<\/strong>, genellikle ah\u015fap veya metal iskeletle desteklenmi\u015f sal\u0131ncak, kayd\u0131rak, t\u0131rmanma ipi ve oyun evlerinden olu\u015fur. Bu t\u00fcr modeller a\u00e7\u0131k hava etkinlikleri i\u00e7in ideal olup dayan\u0131kl\u0131 ve hava ko\u015fullar\u0131na uygun malzemelerle \u00fcretilir. \u00d6zellikle <strong data-start=\"599\" data-end=\"620\">ah\u015fap oyun evleri<\/strong>, do\u011fal g\u00f6r\u00fcn\u00fcmleriyle estetik bir b\u00fct\u00fcnl\u00fck sunar.<\/p>\n<p data-start=\"672\" data-end=\"1005\"><strong data-start=\"672\" data-end=\"711\">\u0130\u00e7 mekan \u00e7ocuk oyun alan\u0131 modelleri<\/strong> ise daha kompakt yap\u0131lara sahiptir. Renkli s\u00fcnger bloklar, yumu\u015fak t\u0131rmanma rampalar\u0131, mini kayd\u0131raklar ve \u00e7ad\u0131r gibi \u00fcr\u00fcnlerle olu\u015fturulan bu alanlar, dairelerde, kre\u015flerde ya da al\u0131\u015fveri\u015f merkezlerinde s\u0131k\u00e7a tercih edilir. Zeminde kaymaz oyun matlar\u0131 kullan\u0131larak g\u00fcvenlik \u00f6n planda tutulur.<\/p>\n<p data-start=\"1007\" data-end=\"1225\">Ayr\u0131ca <strong data-start=\"1014\" data-end=\"1047\">mod\u00fcler oyun park\u0131 sistemleri<\/strong>, ihtiya\u00e7lara g\u00f6re b\u00fcy\u00fct\u00fclebilir veya k\u00fc\u00e7\u00fclt\u00fclebilir yap\u0131lar\u0131yla \u00e7ok y\u00f6nl\u00fc kullan\u0131m imkan\u0131 sunar. Bu modeller toplu ya\u015fam alanlar\u0131, siteler, parklar ve anaokullar\u0131 i\u00e7in idealdir.<\/p>\n<p data-start=\"1227\" data-end=\"1457\" data-is-last-node=\"\" data-is-only-node=\"\">K\u0131sacas\u0131, <strong data-start=\"1237\" data-end=\"1267\">\u00e7ocuk oyun alan\u0131 modelleri<\/strong>, kullan\u0131lacak alana, ya\u015f grubuna ve b\u00fct\u00e7eye g\u00f6re \u00e7e\u015fitlenerek hem e\u011flenceli hem de \u00f6\u011fretici bir ortam yarat\u0131r. Her biri \u00e7ocuklar\u0131n \u00f6zg\u00fcrce oynayabilece\u011fi g\u00fcvenli bir d\u00fcnya kurmay\u0131 hedefler.<\/p>\n","protected":false},"excerpt":{"rendered":"<p><strong>&#8220;Ku\u015f&#8221; oyun alan\u0131, modern \u00e7ocuk alanlar\u0131 i\u00e7in zarif ve dayan\u0131kl\u0131 bir \u00e7\u00f6z\u00fcmd\u00fcr<\/strong><\/p>\n<p><strong>Animals<\/strong>\u00a0serisinden Birdie,\u00a0g\u00fcvenli ve estetik a\u00e7\u0131dan ho\u015f halka a\u00e7\u0131k alanlar yaratmak i\u00e7in tasarlanm\u0131\u015f birinci s\u0131n\u0131f oyun ekipman\u0131d\u0131r. Kontrplak \u00e7er\u00e7eve ve paslanmaz \u00e7elik korkuluklara sahip dayan\u0131kl\u0131 kara\u00e7amdan \u00fcretilen oyun alan\u0131, d\u0131\u015f etkenlere kar\u015f\u0131 dayan\u0131kl\u0131d\u0131r ve dayan\u0131kl\u0131d\u0131r; bu, \u00f6zellikle \u00e7ocuk alanlar\u0131nda yo\u011fun kullan\u0131m i\u00e7in \u00f6nemlidir.<\/p>\n<p>Bu model, oyun alan\u0131na modern parklar\u0131n ve konut komplekslerinin mimarisine kolayca uyum sa\u011flayan sofistike ve \u00e7ok y\u00f6nl\u00fc bir g\u00f6r\u00fcn\u00fcm kazand\u0131ran ince gri vurgulara sahip klasik bir renk \u015femas\u0131nda mevcuttur. &#8220;Bird&#8221; oyun alan\u0131, \u00e7ocuklar i\u00e7in \u00e7ekici ve g\u00fcvenli rekreasyon alanlar\u0131 yaratmay\u0131 ama\u00e7layan geli\u015ftiricilerin ve genel m\u00fcteahhitlerin projelerinin uygulanmas\u0131 i\u00e7in uygundur.<\/p>\n<p><strong>Avantajlar\u0131:<\/strong><\/p>\n<ul>\n<li>Do\u011fal ve dayan\u0131kl\u0131 malzemeler: kara\u00e7am ve paslanmaz \u00e7elik.<\/li>\n<li>Y\u00fcksek a\u015f\u0131nma direnci ve hava \u015fartlar\u0131na dayan\u0131kl\u0131l\u0131k.<\/li>\n<li>K\u00fc\u00e7\u00fck mimari formlar ve sokak mobilyas\u0131 \u00f6\u011felerini tamamlayan estetik tasar\u0131m.<\/li>\n<\/ul>\n<p>Sokak tasar\u0131m\u0131n\u0131n \u00e7e\u015fitli unsurlar\u0131yla uyum i\u00e7inde uyum sa\u011flayan &#8220;Ku\u015f&#8221;, y\u00fcksek kalitesi ve d\u00fc\u015f\u00fcnceli tarz\u0131yla mimarlar ve tasar\u0131mc\u0131lar aras\u0131nda talep g\u00f6r\u00fcyor.<\/p>\n<h5><span style=\"color: #993300;\"><strong>Genel \u00d6zellikler | Hizmet Detaylar\u0131<br \/>\n<\/strong><\/span><\/h5>\n<div class=\"sizes__item\"><strong><span class=\"sizes__text\">Uzunluk : 3350 mm<\/span><\/strong><\/div>\n<div class=\"sizes__item\"><strong><span class=\"sizes__text\">Geni\u015flik: 1580 mm\u00a0<\/span><\/strong><\/div>\n<div class=\"sizes__item\"><strong><span class=\"sizes__text\">Y\u00fckseklik: 2380 mm<\/span><\/strong><\/div>\n<h5><span style=\"color: #008080;\">Ah\u015fap ve Aluminyum renkleri taleplerinize g\u00f6re de\u011fi\u015fiklik g\u00f6sterebilmektedir. Ah\u015fap su bazl\u0131 boya uygulamalar\u0131 ile renk ve desenleri taleplerinize g\u00f6re imal edebilmekteyiz.<\/span><\/h5>\n<h5><span style=\"color: #993300;\">\u00a0Kurulum ve Nakliye Giderleri Fiyat\u0131m\u0131z Haricindedir. <\/span>Kurulum ve nakliye fiyatlar\u0131 de\u011fi\u015fiklik g\u00f6sterebilmektedir. Alan\u0131n\u0131za uygun farkl\u0131 y\u00fckseklik ve en oranlar\u0131 \u00f6zel taleplerinize g\u00f6re imal edilebilmektedir.<\/h5>\n<p>&nbsp;<\/p>\n","protected":false},"featured_media":10757,"comment_status":"closed","ping_status":"closed","template":"","meta":[],"product_brand":[263],"product_cat":[289],"product_tag":[332,333,277,336,334,335,331],"class_list":{"0":"post-10756","1":"product","2":"type-product","3":"status-publish","4":"has-post-thumbnail","6":"product_brand-stonewood","7":"product_cat-salincak-oyun-evleri","8":"product_tag-ahsap-cocuk-oyun-evi","9":"product_tag-ahsap-cocuk-oyun-parki","10":"product_tag-aydinlatmali-yuzuk-salincak","11":"product_tag-cocuk-oyun-alani-modelleri-cocuk-oyun-alani-modelleri","12":"product_tag-cocuk-parklari","13":"product_tag-daire-cocuk-oyun-alani","14":"product_tag-tekli-iki-kisilik-salincak","16":"first","17":"instock","18":"shipping-taxable","19":"purchasable","20":"product-type-simple"},"yoast_head":"<!-- This site is optimized with the Yoast SEO Premium plugin v24.8 (Yoast SEO v27.3) - https:\/\/yoast.com\/product\/yoast-seo-premium-wordpress\/ -->\n<title>\u00c7ocuk Oyun Park\u0131 Fiyatlar\u0131 | Stonewood Ku\u015f - Stoneplus Ah\u015fap \u00dcr\u00fcnleri<\/title>\n<meta name=\"description\" content=\"\u00c7ocuk Oyun Park\u0131 Fiyatlar\u0131 Park ve sa\u011fl\u0131k sa\u011flamak \u00fczere tasarlanm\u0131\u015f birinci s\u0131n\u0131f Fin saunalar\u0131 serimizi sunmaktan gurur duyar\u0131z.\" \/>\n<meta name=\"robots\" content=\"index, follow, max-snippet:-1, max-image-preview:large, max-video-preview:-1\" \/>\n<link rel=\"canonical\" href=\"https:\/\/www.stoneplusturkiye.com\/shop\/urun\/cocuk-oyun-parki-fiyatlari\/\" \/>\n<meta property=\"og:locale\" content=\"tr_TR\" \/>\n<meta property=\"og:type\" content=\"article\" \/>\n<meta property=\"og:title\" content=\"\u00c7ocuk Oyun Park\u0131 Fiyatlar\u0131 | Stonewood Ku\u015f\" \/>\n<meta property=\"og:description\" content=\"\u00c7ocuk Oyun Park\u0131 Fiyatlar\u0131 Park ve sa\u011fl\u0131k sa\u011flamak \u00fczere tasarlanm\u0131\u015f birinci s\u0131n\u0131f Fin saunalar\u0131 serimizi sunmaktan gurur duyar\u0131z.\" \/>\n<meta property=\"og:url\" content=\"https:\/\/www.stoneplusturkiye.com\/shop\/urun\/cocuk-oyun-parki-fiyatlari\/\" \/>\n<meta property=\"og:site_name\" content=\"Stoneplus Ah\u015fap \u00dcr\u00fcnleri\" \/>\n<meta property=\"article:publisher\" content=\"https:\/\/www.facebook.com\/stoneplusturkiye\/\" \/>\n<meta property=\"article:modified_time\" content=\"2025-06-19T10:42:18+00:00\" \/>\n<meta property=\"og:image\" content=\"https:\/\/www.stoneplusturkiye.com\/shop\/wp-content\/uploads\/2025\/06\/bird6.jpg\" \/>\n\t<meta property=\"og:image:width\" content=\"1920\" \/>\n\t<meta property=\"og:image:height\" content=\"1080\" \/>\n\t<meta property=\"og:image:type\" content=\"image\/jpeg\" \/>\n<meta name=\"twitter:card\" content=\"summary_large_image\" \/>\n<meta name=\"twitter:label1\" content=\"Tahmini okuma s\u00fcresi\" \/>\n\t<meta name=\"twitter:data1\" content=\"2 dakika\" \/>\n<script type=\"application\/ld+json\" class=\"yoast-schema-graph\">{\"@context\":\"https:\\\/\\\/schema.org\",\"@graph\":[{\"@type\":\"WebPage\",\"@id\":\"https:\\\/\\\/www.stoneplusturkiye.com\\\/shop\\\/urun\\\/cocuk-oyun-parki-fiyatlari\\\/\",\"url\":\"https:\\\/\\\/www.stoneplusturkiye.com\\\/shop\\\/urun\\\/cocuk-oyun-parki-fiyatlari\\\/\",\"name\":\"\u00c7ocuk Oyun Park\u0131 Fiyatlar\u0131 | Stonewood Ku\u015f - Stoneplus Ah\u015fap \u00dcr\u00fcnleri\",\"isPartOf\":{\"@id\":\"https:\\\/\\\/www.stoneplusturkiye.com\\\/shop\\\/#website\"},\"primaryImageOfPage\":{\"@id\":\"https:\\\/\\\/www.stoneplusturkiye.com\\\/shop\\\/urun\\\/cocuk-oyun-parki-fiyatlari\\\/#primaryimage\"},\"image\":{\"@id\":\"https:\\\/\\\/www.stoneplusturkiye.com\\\/shop\\\/urun\\\/cocuk-oyun-parki-fiyatlari\\\/#primaryimage\"},\"thumbnailUrl\":\"https:\\\/\\\/www.stoneplusturkiye.com\\\/shop\\\/wp-content\\\/uploads\\\/2025\\\/06\\\/bird6.jpg\",\"datePublished\":\"2025-06-19T09:38:04+00:00\",\"dateModified\":\"2025-06-19T10:42:18+00:00\",\"description\":\"\u00c7ocuk Oyun Park\u0131 Fiyatlar\u0131 Park ve sa\u011fl\u0131k sa\u011flamak \u00fczere tasarlanm\u0131\u015f birinci s\u0131n\u0131f Fin saunalar\u0131 serimizi sunmaktan gurur duyar\u0131z.\",\"breadcrumb\":{\"@id\":\"https:\\\/\\\/www.stoneplusturkiye.com\\\/shop\\\/urun\\\/cocuk-oyun-parki-fiyatlari\\\/#breadcrumb\"},\"inLanguage\":\"tr\",\"potentialAction\":[{\"@type\":\"ReadAction\",\"target\":[\"https:\\\/\\\/www.stoneplusturkiye.com\\\/shop\\\/urun\\\/cocuk-oyun-parki-fiyatlari\\\/\"]}]},{\"@type\":\"ImageObject\",\"inLanguage\":\"tr\",\"@id\":\"https:\\\/\\\/www.stoneplusturkiye.com\\\/shop\\\/urun\\\/cocuk-oyun-parki-fiyatlari\\\/#primaryimage\",\"url\":\"https:\\\/\\\/www.stoneplusturkiye.com\\\/shop\\\/wp-content\\\/uploads\\\/2025\\\/06\\\/bird6.jpg\",\"contentUrl\":\"https:\\\/\\\/www.stoneplusturkiye.com\\\/shop\\\/wp-content\\\/uploads\\\/2025\\\/06\\\/bird6.jpg\",\"width\":1920,\"height\":1080,\"caption\":\"\u00c7ocuk Oyun Park\u0131 Fiyatlar\u0131\"},{\"@type\":\"BreadcrumbList\",\"@id\":\"https:\\\/\\\/www.stoneplusturkiye.com\\\/shop\\\/urun\\\/cocuk-oyun-parki-fiyatlari\\\/#breadcrumb\",\"itemListElement\":[{\"@type\":\"ListItem\",\"position\":1,\"name\":\"Home\",\"item\":\"https:\\\/\\\/www.stoneplusturkiye.com\\\/shop\\\/\"},{\"@type\":\"ListItem\",\"position\":2,\"name\":\"Ma\u011faza\",\"item\":\"https:\\\/\\\/www.stoneplusturkiye.com\\\/shop\\\/magaza\\\/\"},{\"@type\":\"ListItem\",\"position\":3,\"name\":\"\u00c7ocuk Oyun Park\u0131 Fiyatlar\u0131 | Stonewood Ku\u015f\"}]},{\"@type\":\"WebSite\",\"@id\":\"https:\\\/\\\/www.stoneplusturkiye.com\\\/shop\\\/#website\",\"url\":\"https:\\\/\\\/www.stoneplusturkiye.com\\\/shop\\\/\",\"name\":\"Stoneplus Ah\u015fap \u00dcr\u00fcnleri\",\"description\":\"Stonewood Ah\u015fap \u00c7\u00f6z\u00fcmleri\",\"publisher\":{\"@id\":\"https:\\\/\\\/www.stoneplusturkiye.com\\\/shop\\\/#organization\"},\"potentialAction\":[{\"@type\":\"SearchAction\",\"target\":{\"@type\":\"EntryPoint\",\"urlTemplate\":\"https:\\\/\\\/www.stoneplusturkiye.com\\\/shop\\\/?s={search_term_string}\"},\"query-input\":{\"@type\":\"PropertyValueSpecification\",\"valueRequired\":true,\"valueName\":\"search_term_string\"}}],\"inLanguage\":\"tr\"},{\"@type\":\"Organization\",\"@id\":\"https:\\\/\\\/www.stoneplusturkiye.com\\\/shop\\\/#organization\",\"name\":\"Stoneplus \u0130n\u015faat Yap\u0131 Ah\u015fap \u00dcr\u00fcnleri\",\"url\":\"https:\\\/\\\/www.stoneplusturkiye.com\\\/shop\\\/\",\"logo\":{\"@type\":\"ImageObject\",\"inLanguage\":\"tr\",\"@id\":\"https:\\\/\\\/www.stoneplusturkiye.com\\\/shop\\\/#\\\/schema\\\/logo\\\/image\\\/\",\"url\":\"https:\\\/\\\/www.stoneplusturkiye.com\\\/shop\\\/wp-content\\\/uploads\\\/2025\\\/02\\\/stoneplus2.png\",\"contentUrl\":\"https:\\\/\\\/www.stoneplusturkiye.com\\\/shop\\\/wp-content\\\/uploads\\\/2025\\\/02\\\/stoneplus2.png\",\"width\":1000,\"height\":1000,\"caption\":\"Stoneplus \u0130n\u015faat Yap\u0131 Ah\u015fap \u00dcr\u00fcnleri\"},\"image\":{\"@id\":\"https:\\\/\\\/www.stoneplusturkiye.com\\\/shop\\\/#\\\/schema\\\/logo\\\/image\\\/\"},\"sameAs\":[\"https:\\\/\\\/www.facebook.com\\\/stoneplusturkiye\\\/\"],\"description\":\"Stoneplus in\u015faat yap\u0131 ah\u015fap \u00fcr\u00fcnleri\",\"email\":\"bilgi@stoneplusturkiye.com\",\"telephone\":\"08504950590\",\"legalName\":\"Stoneplus \u0130n\u015f. Yap\u0131 Ah\u015fap \u00dcr\u00fcnleri\",\"taxID\":\"7810871242\",\"numberOfEmployees\":{\"@type\":\"QuantitativeValue\",\"minValue\":\"1\",\"maxValue\":\"10\"}}]}<\/script>\n<!-- \/ Yoast SEO Premium plugin. -->","yoast_head_json":{"title":"\u00c7ocuk Oyun Park\u0131 Fiyatlar\u0131 | Stonewood Ku\u015f - Stoneplus Ah\u015fap \u00dcr\u00fcnleri","description":"\u00c7ocuk Oyun Park\u0131 Fiyatlar\u0131 Park ve sa\u011fl\u0131k sa\u011flamak \u00fczere tasarlanm\u0131\u015f birinci s\u0131n\u0131f Fin saunalar\u0131 serimizi sunmaktan gurur duyar\u0131z.","robots":{"index":"index","follow":"follow","max-snippet":"max-snippet:-1","max-image-preview":"max-image-preview:large","max-video-preview":"max-video-preview:-1"},"canonical":"https:\/\/www.stoneplusturkiye.com\/shop\/urun\/cocuk-oyun-parki-fiyatlari\/","og_locale":"tr_TR","og_type":"article","og_title":"\u00c7ocuk Oyun Park\u0131 Fiyatlar\u0131 | Stonewood Ku\u015f","og_description":"\u00c7ocuk Oyun Park\u0131 Fiyatlar\u0131 Park ve sa\u011fl\u0131k sa\u011flamak \u00fczere tasarlanm\u0131\u015f birinci s\u0131n\u0131f Fin saunalar\u0131 serimizi sunmaktan gurur duyar\u0131z.","og_url":"https:\/\/www.stoneplusturkiye.com\/shop\/urun\/cocuk-oyun-parki-fiyatlari\/","og_site_name":"Stoneplus Ah\u015fap \u00dcr\u00fcnleri","article_publisher":"https:\/\/www.facebook.com\/stoneplusturkiye\/","article_modified_time":"2025-06-19T10:42:18+00:00","og_image":[{"width":1920,"height":1080,"url":"https:\/\/www.stoneplusturkiye.com\/shop\/wp-content\/uploads\/2025\/06\/bird6.jpg","type":"image\/jpeg"}],"twitter_card":"summary_large_image","twitter_misc":{"Tahmini okuma s\u00fcresi":"2 dakika"},"schema":{"@context":"https:\/\/schema.org","@graph":[{"@type":"WebPage","@id":"https:\/\/www.stoneplusturkiye.com\/shop\/urun\/cocuk-oyun-parki-fiyatlari\/","url":"https:\/\/www.stoneplusturkiye.com\/shop\/urun\/cocuk-oyun-parki-fiyatlari\/","name":"\u00c7ocuk Oyun Park\u0131 Fiyatlar\u0131 | Stonewood Ku\u015f - Stoneplus Ah\u015fap \u00dcr\u00fcnleri","isPartOf":{"@id":"https:\/\/www.stoneplusturkiye.com\/shop\/#website"},"primaryImageOfPage":{"@id":"https:\/\/www.stoneplusturkiye.com\/shop\/urun\/cocuk-oyun-parki-fiyatlari\/#primaryimage"},"image":{"@id":"https:\/\/www.stoneplusturkiye.com\/shop\/urun\/cocuk-oyun-parki-fiyatlari\/#primaryimage"},"thumbnailUrl":"https:\/\/www.stoneplusturkiye.com\/shop\/wp-content\/uploads\/2025\/06\/bird6.jpg","datePublished":"2025-06-19T09:38:04+00:00","dateModified":"2025-06-19T10:42:18+00:00","description":"\u00c7ocuk Oyun Park\u0131 Fiyatlar\u0131 Park ve sa\u011fl\u0131k sa\u011flamak \u00fczere tasarlanm\u0131\u015f birinci s\u0131n\u0131f Fin saunalar\u0131 serimizi sunmaktan gurur duyar\u0131z.","breadcrumb":{"@id":"https:\/\/www.stoneplusturkiye.com\/shop\/urun\/cocuk-oyun-parki-fiyatlari\/#breadcrumb"},"inLanguage":"tr","potentialAction":[{"@type":"ReadAction","target":["https:\/\/www.stoneplusturkiye.com\/shop\/urun\/cocuk-oyun-parki-fiyatlari\/"]}]},{"@type":"ImageObject","inLanguage":"tr","@id":"https:\/\/www.stoneplusturkiye.com\/shop\/urun\/cocuk-oyun-parki-fiyatlari\/#primaryimage","url":"https:\/\/www.stoneplusturkiye.com\/shop\/wp-content\/uploads\/2025\/06\/bird6.jpg","contentUrl":"https:\/\/www.stoneplusturkiye.com\/shop\/wp-content\/uploads\/2025\/06\/bird6.jpg","width":1920,"height":1080,"caption":"\u00c7ocuk Oyun Park\u0131 Fiyatlar\u0131"},{"@type":"BreadcrumbList","@id":"https:\/\/www.stoneplusturkiye.com\/shop\/urun\/cocuk-oyun-parki-fiyatlari\/#breadcrumb","itemListElement":[{"@type":"ListItem","position":1,"name":"Home","item":"https:\/\/www.stoneplusturkiye.com\/shop\/"},{"@type":"ListItem","position":2,"name":"Ma\u011faza","item":"https:\/\/www.stoneplusturkiye.com\/shop\/magaza\/"},{"@type":"ListItem","position":3,"name":"\u00c7ocuk Oyun Park\u0131 Fiyatlar\u0131 | Stonewood Ku\u015f"}]},{"@type":"WebSite","@id":"https:\/\/www.stoneplusturkiye.com\/shop\/#website","url":"https:\/\/www.stoneplusturkiye.com\/shop\/","name":"Stoneplus Ah\u015fap \u00dcr\u00fcnleri","description":"Stonewood Ah\u015fap \u00c7\u00f6z\u00fcmleri","publisher":{"@id":"https:\/\/www.stoneplusturkiye.com\/shop\/#organization"},"potentialAction":[{"@type":"SearchAction","target":{"@type":"EntryPoint","urlTemplate":"https:\/\/www.stoneplusturkiye.com\/shop\/?s={search_term_string}"},"query-input":{"@type":"PropertyValueSpecification","valueRequired":true,"valueName":"search_term_string"}}],"inLanguage":"tr"},{"@type":"Organization","@id":"https:\/\/www.stoneplusturkiye.com\/shop\/#organization","name":"Stoneplus \u0130n\u015faat Yap\u0131 Ah\u015fap \u00dcr\u00fcnleri","url":"https:\/\/www.stoneplusturkiye.com\/shop\/","logo":{"@type":"ImageObject","inLanguage":"tr","@id":"https:\/\/www.stoneplusturkiye.com\/shop\/#\/schema\/logo\/image\/","url":"https:\/\/www.stoneplusturkiye.com\/shop\/wp-content\/uploads\/2025\/02\/stoneplus2.png","contentUrl":"https:\/\/www.stoneplusturkiye.com\/shop\/wp-content\/uploads\/2025\/02\/stoneplus2.png","width":1000,"height":1000,"caption":"Stoneplus \u0130n\u015faat Yap\u0131 Ah\u015fap \u00dcr\u00fcnleri"},"image":{"@id":"https:\/\/www.stoneplusturkiye.com\/shop\/#\/schema\/logo\/image\/"},"sameAs":["https:\/\/www.facebook.com\/stoneplusturkiye\/"],"description":"Stoneplus in\u015faat yap\u0131 ah\u015fap \u00fcr\u00fcnleri","email":"bilgi@stoneplusturkiye.com","telephone":"08504950590","legalName":"Stoneplus \u0130n\u015f. Yap\u0131 Ah\u015fap \u00dcr\u00fcnleri","taxID":"7810871242","numberOfEmployees":{"@type":"QuantitativeValue","minValue":"1","maxValue":"10"}}]}},"_links":{"self":[{"href":"https:\/\/www.stoneplusturkiye.com\/shop\/wp-json\/wp\/v2\/product\/10756","targetHints":{"allow":["GET"]}}],"collection":[{"href":"https:\/\/www.stoneplusturkiye.com\/shop\/wp-json\/wp\/v2\/product"}],"about":[{"href":"https:\/\/www.stoneplusturkiye.com\/shop\/wp-json\/wp\/v2\/types\/product"}],"replies":[{"embeddable":true,"href":"https:\/\/www.stoneplusturkiye.com\/shop\/wp-json\/wp\/v2\/comments?post=10756"}],"version-history":[{"count":3,"href":"https:\/\/www.stoneplusturkiye.com\/shop\/wp-json\/wp\/v2\/product\/10756\/revisions"}],"predecessor-version":[{"id":10760,"href":"https:\/\/www.stoneplusturkiye.com\/shop\/wp-json\/wp\/v2\/product\/10756\/revisions\/10760"}],"wp:featuredmedia":[{"embeddable":true,"href":"https:\/\/www.stoneplusturkiye.com\/shop\/wp-json\/wp\/v2\/media\/10757"}],"wp:attachment":[{"href":"https:\/\/www.stoneplusturkiye.com\/shop\/wp-json\/wp\/v2\/media?parent=10756"}],"wp:term":[{"taxonomy":"product_brand","embeddable":true,"href":"https:\/\/www.stoneplusturkiye.com\/shop\/wp-json\/wp\/v2\/product_brand?post=10756"},{"taxonomy":"product_cat","embeddable":true,"href":"https:\/\/www.stoneplusturkiye.com\/shop\/wp-json\/wp\/v2\/product_cat?post=10756"},{"taxonomy":"product_tag","embeddable":true,"href":"https:\/\/www.stoneplusturkiye.com\/shop\/wp-json\/wp\/v2\/product_tag?post=10756"}],"curies":[{"name":"wp","href":"https:\/\/api.w.org\/{rel}","templated":true}]}}