{"id":10625,"date":"2025-06-17T12:25:50","date_gmt":"2025-06-17T09:25:50","guid":{"rendered":"https:\/\/www.stoneplusturkiye.com\/shop\/?post_type=product&#038;p=10625"},"modified":"2025-06-17T12:29:52","modified_gmt":"2025-06-17T09:29:52","slug":"beton-oturma-bank-modeli-stoneplus-soft","status":"publish","type":"product","link":"https:\/\/www.stoneplusturkiye.com\/shop\/urun\/beton-oturma-bank-modeli-stoneplus-soft\/","title":{"rendered":"Beton Oturma Bank Modeli | Stoneplus Soft"},"content":{"rendered":"<p data-start=\"0\" data-end=\"296\"><strong data-start=\"0\" data-end=\"28\">Beton oturma bank modeli<\/strong>, sa\u011flaml\u0131\u011f\u0131 ve dayan\u0131kl\u0131l\u0131\u011f\u0131 ile \u00f6ne \u00e7\u0131kan, \u00f6zellikle d\u0131\u015f mek\u00e2nlarda yo\u011fun kullan\u0131m i\u00e7in ideal bir kent mobilyas\u0131d\u0131r. Modern \u015fehir tasar\u0131mlar\u0131nda s\u0131k\u00e7a tercih edilen bu banklar, uzun \u00f6m\u00fcrl\u00fc yap\u0131s\u0131 sayesinde hem kamu alanlar\u0131nda hem de \u00f6zel bah\u00e7elerde geni\u015f yer bulur.<\/p>\n<p data-start=\"298\" data-end=\"619\"><strong data-start=\"298\" data-end=\"326\">Beton oturma bank modeli<\/strong>, genellikle temiz ve minimal \u00e7izgilerle tasarlan\u0131r. D\u00fcz veya hafif kavisli oturma y\u00fczeyine sahip olabilir. Betonun do\u011fal dokusu, banklara end\u00fcstriyel ve modern bir g\u00f6r\u00fcn\u00fcm kazand\u0131r\u0131rken, \u00fczerine uygulanan \u00f6zel kaplamalar sayesinde y\u00fczey dayan\u0131kl\u0131l\u0131\u011f\u0131 art\u0131r\u0131l\u0131r ve estetik \u00e7e\u015fitlilik sa\u011flan\u0131r.<\/p>\n<p data-start=\"621\" data-end=\"893\">Bu banklar bak\u0131m gerektirmeyen yap\u0131lar\u0131yla \u00f6n plana \u00e7\u0131kar. Hava ko\u015fullar\u0131na, g\u00fcne\u015f \u0131\u015f\u0131\u011f\u0131na, darbeye ve kimyasal etkilenmelere kar\u015f\u0131 y\u00fcksek diren\u00e7 g\u00f6sterir. Ayr\u0131ca, vandalizme kar\u015f\u0131 dayan\u0131kl\u0131 olmas\u0131 nedeniyle \u015fehir mobilyas\u0131 projelerinde ekonomik ve pratik bir \u00e7\u00f6z\u00fcm sunar.<\/p>\n<p data-start=\"895\" data-end=\"1190\"><strong data-start=\"895\" data-end=\"923\">Beton oturma bank modeli<\/strong>, parklar, oyun alanlar\u0131, okul bah\u00e7eleri, meydanlar ve y\u00fcr\u00fcy\u00fc\u015f yollar\u0131nda rahatl\u0131kla kullan\u0131l\u0131r. \u00c7e\u015fitli boyut ve formlarda \u00fcretilebilmesi, projeye \u00f6zel \u00e7\u00f6z\u00fcmler sunulmas\u0131na olanak tan\u0131r. Modern tasar\u0131m anlay\u0131\u015f\u0131 ile \u00e7evre d\u00fczenlemesine g\u00fc\u00e7l\u00fc bir estetik katk\u0131 sa\u011flar.<\/p>\n<p data-start=\"1192\" data-end=\"1347\" data-is-last-node=\"\" data-is-only-node=\"\">Hem fonksiyonellik hem de g\u00f6rsellik a\u00e7\u0131s\u0131ndan tercih edilen <strong data-start=\"1252\" data-end=\"1280\">beton oturma bank modeli<\/strong>, d\u0131\u015f mek\u00e2nlar\u0131n vazge\u00e7ilmez dayan\u0131kl\u0131 oturma alanlar\u0131ndan biridir.<\/p>\n","protected":false},"excerpt":{"rendered":"<p><strong><span>Beton taban \u00fczerinde &#8220;Soft &#8221; bank\u0131 &#8211; kentsel alanlar i\u00e7in modern tasar\u0131m ve dayan\u0131kl\u0131l\u0131k<\/span><\/strong><\/p>\n<p><span>Beton tabanl\u0131 Soft bank, aktif \u00e7al\u0131\u015fma ko\u015fullar\u0131na dayanabilen, halka a\u00e7\u0131k ve y\u00fcr\u00fcy\u00fc\u015f alanlar\u0131 i\u00e7in \u015f\u0131k ve g\u00fcvenilir bir \u00e7\u00f6z\u00fcmd\u00fcr. Bank\u0131n \u00e7er\u00e7evesi, kumlama i\u015flemine tabi tutulmu\u015f \u00e7elikten yap\u0131lm\u0131\u015ft\u0131r ve y\u00fcksek korozyon direnci ve yap\u0131sal mukavemet sa\u011flayan \u00e7inko astar eklenmi\u015f toz boya ile kaplanm\u0131\u015ft\u0131r. Ah\u015fap elemanlar, \u0130talyan Renner ya\u011f\u0131 ile i\u015flenmi\u015f kara\u00e7amdan yap\u0131lm\u0131\u015ft\u0131r ve \u00e7evreyle uyumlu bir kombinasyon yaratman\u0131za olanak tan\u0131yan be\u015f renkte mevcuttur.<\/span><\/p>\n<p><span>Mimari beton taban, modern stili vurgular ve sa\u011flaml\u0131k katar, bu da Wave bank\u0131n\u0131 \u015fehir parklar\u0131, setler ve meydanlar gibi yo\u011fun trafi\u011fe sahip alanlara kurulum i\u00e7in ideal hale getirir. Bu \u00e7\u00f6z\u00fcm, \u00f6zellikle estetik ve g\u00fcvenilirlik aras\u0131nda bir denge gerektiren projeler i\u00e7in \u00f6nemlidir.<\/span><\/p>\n<p><strong><span>Modelin avantajlar\u0131:<\/span><\/strong><\/p>\n<ul>\n<li><span>Stabilite ve dayan\u0131kl\u0131l\u0131k i\u00e7in sa\u011flam beton taban.<\/span><\/li>\n<li><span>\u00c7evresel etkilere dayan\u0131kl\u0131, koruyucu kaplamal\u0131 \u00e7elik \u00e7er\u00e7eve.<\/span><\/li>\n<li><span>Be\u015f farkl\u0131 tonda mevcut kara\u00e7am a\u011fac\u0131 elemanlar\u0131, samimi bir g\u00f6r\u00fcn\u00fcm yarat\u0131yor.<\/span><\/li>\n<\/ul>\n<p><span>Beton taban \u00fczerindeki beton oturma bank\u0131 , modern kamusal alanlar i\u00e7in i\u015flevselli\u011fi, \u015f\u0131kl\u0131\u011f\u0131 ve y\u00fcksek kaliteyi bir araya getiren bir se\u00e7imdir.<\/span><\/p>\n<h5><span style=\"color: #993300;\"><strong>Genel \u00d6zellikler | Hizmet Detaylar\u0131<br \/>\n<\/strong><\/span><\/h5>\n<div class=\"sizes__item\"><strong><span class=\"sizes__text\">Uzunluk : 1980 mm<\/span><\/strong><\/div>\n<div class=\"sizes__item\"><strong><span class=\"sizes__text\">Geni\u015flik: 775 mm<\/span><\/strong><\/div>\n<div class=\"sizes__item\"><strong><span class=\"sizes__text\">Y\u00fckseklik: 865 mm<br \/>\nKumlanm\u0131\u015f \u00e7elik, \u00e7inko astarl\u0131 toz boya, D\u0131\u015f kaplama &#8211; paslanmaz \u00e7elik<br \/>\n<\/span><\/strong><\/div>\n<h5><span style=\"color: #008080;\">Ah\u015fap ve Aluminyum renkleri taleplerinize g\u00f6re de\u011fi\u015fiklik g\u00f6sterebilmektedir. Ah\u015fap su bazl\u0131 boya uygulamalar\u0131 ile renk ve desenleri taleplerinize g\u00f6re imal edebilmekteyiz.<\/span><\/h5>\n<h5><span style=\"color: #993300;\">\u00a0Kurulum ve Nakliye Giderleri Fiyat\u0131m\u0131z Haricindedir. <\/span>Kurulum ve nakliye fiyatlar\u0131 de\u011fi\u015fiklik g\u00f6sterebilmektedir. Alan\u0131n\u0131za uygun farkl\u0131 y\u00fckseklik ve en oranlar\u0131 \u00f6zel taleplerinize g\u00f6re imal edilebilmektedir.<\/h5>\n<p>&nbsp;<\/p>\n","protected":false},"featured_media":10626,"comment_status":"closed","ping_status":"closed","template":"","meta":[],"product_brand":[263],"product_cat":[282],"product_tag":[315,324,323,313],"class_list":{"0":"post-10625","1":"product","2":"type-product","3":"status-publish","4":"has-post-thumbnail","6":"product_brand-stonewood","7":"product_cat-oturma-banklari-sehir-mobilyasi","8":"product_tag-bahce-banklari","9":"product_tag-beton-bank","10":"product_tag-beton-bank-modelleri","11":"product_tag-oturma-banki","13":"first","14":"instock","15":"shipping-taxable","16":"purchasable","17":"product-type-simple"},"yoast_head":"<!-- This site is optimized with the Yoast SEO Premium plugin v24.8 (Yoast SEO v27.4) - https:\/\/yoast.com\/product\/yoast-seo-premium-wordpress\/ -->\n<title>Beton Oturma Bank Modeli | Stoneplus Soft - Stoneplus Ah\u015fap \u00dcr\u00fcnleri<\/title>\n<meta name=\"description\" content=\"Beton Oturma Bank Modeli fiyatlar\u0131 ah\u015fap oturma banklar\u0131 ve ah\u015fap modern bank \u00e7e\u015fitleri ile hizmetinizdeyiz ve tasar\u0131mlar\u0131m\u0131z\u0131 yay\u0131nl\u0131yoruz\" \/>\n<meta name=\"robots\" content=\"index, follow, max-snippet:-1, max-image-preview:large, max-video-preview:-1\" \/>\n<link rel=\"canonical\" href=\"https:\/\/www.stoneplusturkiye.com\/shop\/urun\/beton-oturma-bank-modeli-stoneplus-soft\/\" \/>\n<meta property=\"og:locale\" content=\"tr_TR\" \/>\n<meta property=\"og:type\" content=\"article\" \/>\n<meta property=\"og:title\" content=\"Beton Oturma Bank Modeli | Stoneplus Soft\" \/>\n<meta property=\"og:description\" content=\"Beton Oturma Bank Modeli fiyatlar\u0131 ah\u015fap oturma banklar\u0131 ve ah\u015fap modern bank \u00e7e\u015fitleri ile hizmetinizdeyiz ve tasar\u0131mlar\u0131m\u0131z\u0131 yay\u0131nl\u0131yoruz\" \/>\n<meta property=\"og:url\" content=\"https:\/\/www.stoneplusturkiye.com\/shop\/urun\/beton-oturma-bank-modeli-stoneplus-soft\/\" \/>\n<meta property=\"og:site_name\" content=\"Stoneplus Ah\u015fap \u00dcr\u00fcnleri\" \/>\n<meta property=\"article:publisher\" content=\"https:\/\/www.facebook.com\/stoneplusturkiye\/\" \/>\n<meta property=\"article:modified_time\" content=\"2025-06-17T09:29:52+00:00\" \/>\n<meta property=\"og:image\" content=\"https:\/\/www.stoneplusturkiye.com\/shop\/wp-content\/uploads\/2025\/06\/1-10.jpg\" \/>\n\t<meta property=\"og:image:width\" content=\"2048\" \/>\n\t<meta property=\"og:image:height\" content=\"1365\" \/>\n\t<meta property=\"og:image:type\" content=\"image\/jpeg\" \/>\n<meta name=\"twitter:card\" content=\"summary_large_image\" \/>\n<meta name=\"twitter:label1\" content=\"Tahmini okuma s\u00fcresi\" \/>\n\t<meta name=\"twitter:data1\" content=\"2 dakika\" \/>\n<script type=\"application\/ld+json\" class=\"yoast-schema-graph\">{\"@context\":\"https:\\\/\\\/schema.org\",\"@graph\":[{\"@type\":\"WebPage\",\"@id\":\"https:\\\/\\\/www.stoneplusturkiye.com\\\/shop\\\/urun\\\/beton-oturma-bank-modeli-stoneplus-soft\\\/\",\"url\":\"https:\\\/\\\/www.stoneplusturkiye.com\\\/shop\\\/urun\\\/beton-oturma-bank-modeli-stoneplus-soft\\\/\",\"name\":\"Beton Oturma Bank Modeli | Stoneplus Soft - Stoneplus Ah\u015fap \u00dcr\u00fcnleri\",\"isPartOf\":{\"@id\":\"https:\\\/\\\/www.stoneplusturkiye.com\\\/shop\\\/#website\"},\"primaryImageOfPage\":{\"@id\":\"https:\\\/\\\/www.stoneplusturkiye.com\\\/shop\\\/urun\\\/beton-oturma-bank-modeli-stoneplus-soft\\\/#primaryimage\"},\"image\":{\"@id\":\"https:\\\/\\\/www.stoneplusturkiye.com\\\/shop\\\/urun\\\/beton-oturma-bank-modeli-stoneplus-soft\\\/#primaryimage\"},\"thumbnailUrl\":\"https:\\\/\\\/www.stoneplusturkiye.com\\\/shop\\\/wp-content\\\/uploads\\\/2025\\\/06\\\/1-10.jpg\",\"datePublished\":\"2025-06-17T09:25:50+00:00\",\"dateModified\":\"2025-06-17T09:29:52+00:00\",\"description\":\"Beton Oturma Bank Modeli fiyatlar\u0131 ah\u015fap oturma banklar\u0131 ve ah\u015fap modern bank \u00e7e\u015fitleri ile hizmetinizdeyiz ve tasar\u0131mlar\u0131m\u0131z\u0131 yay\u0131nl\u0131yoruz\",\"breadcrumb\":{\"@id\":\"https:\\\/\\\/www.stoneplusturkiye.com\\\/shop\\\/urun\\\/beton-oturma-bank-modeli-stoneplus-soft\\\/#breadcrumb\"},\"inLanguage\":\"tr\",\"potentialAction\":[{\"@type\":\"ReadAction\",\"target\":[\"https:\\\/\\\/www.stoneplusturkiye.com\\\/shop\\\/urun\\\/beton-oturma-bank-modeli-stoneplus-soft\\\/\"]}]},{\"@type\":\"ImageObject\",\"inLanguage\":\"tr\",\"@id\":\"https:\\\/\\\/www.stoneplusturkiye.com\\\/shop\\\/urun\\\/beton-oturma-bank-modeli-stoneplus-soft\\\/#primaryimage\",\"url\":\"https:\\\/\\\/www.stoneplusturkiye.com\\\/shop\\\/wp-content\\\/uploads\\\/2025\\\/06\\\/1-10.jpg\",\"contentUrl\":\"https:\\\/\\\/www.stoneplusturkiye.com\\\/shop\\\/wp-content\\\/uploads\\\/2025\\\/06\\\/1-10.jpg\",\"width\":2048,\"height\":1365,\"caption\":\"Beton Oturma Bank Modeli\"},{\"@type\":\"BreadcrumbList\",\"@id\":\"https:\\\/\\\/www.stoneplusturkiye.com\\\/shop\\\/urun\\\/beton-oturma-bank-modeli-stoneplus-soft\\\/#breadcrumb\",\"itemListElement\":[{\"@type\":\"ListItem\",\"position\":1,\"name\":\"Home\",\"item\":\"https:\\\/\\\/www.stoneplusturkiye.com\\\/shop\\\/\"},{\"@type\":\"ListItem\",\"position\":2,\"name\":\"Ma\u011faza\",\"item\":\"https:\\\/\\\/www.stoneplusturkiye.com\\\/shop\\\/magaza\\\/\"},{\"@type\":\"ListItem\",\"position\":3,\"name\":\"Beton Oturma Bank Modeli | Stoneplus Soft\"}]},{\"@type\":\"WebSite\",\"@id\":\"https:\\\/\\\/www.stoneplusturkiye.com\\\/shop\\\/#website\",\"url\":\"https:\\\/\\\/www.stoneplusturkiye.com\\\/shop\\\/\",\"name\":\"Stoneplus Ah\u015fap \u00dcr\u00fcnleri\",\"description\":\"Stonewood Ah\u015fap \u00c7\u00f6z\u00fcmleri\",\"publisher\":{\"@id\":\"https:\\\/\\\/www.stoneplusturkiye.com\\\/shop\\\/#organization\"},\"potentialAction\":[{\"@type\":\"SearchAction\",\"target\":{\"@type\":\"EntryPoint\",\"urlTemplate\":\"https:\\\/\\\/www.stoneplusturkiye.com\\\/shop\\\/?s={search_term_string}\"},\"query-input\":{\"@type\":\"PropertyValueSpecification\",\"valueRequired\":true,\"valueName\":\"search_term_string\"}}],\"inLanguage\":\"tr\"},{\"@type\":\"Organization\",\"@id\":\"https:\\\/\\\/www.stoneplusturkiye.com\\\/shop\\\/#organization\",\"name\":\"Stoneplus \u0130n\u015faat Yap\u0131 Ah\u015fap \u00dcr\u00fcnleri\",\"url\":\"https:\\\/\\\/www.stoneplusturkiye.com\\\/shop\\\/\",\"logo\":{\"@type\":\"ImageObject\",\"inLanguage\":\"tr\",\"@id\":\"https:\\\/\\\/www.stoneplusturkiye.com\\\/shop\\\/#\\\/schema\\\/logo\\\/image\\\/\",\"url\":\"https:\\\/\\\/www.stoneplusturkiye.com\\\/shop\\\/wp-content\\\/uploads\\\/2025\\\/02\\\/stoneplus2.png\",\"contentUrl\":\"https:\\\/\\\/www.stoneplusturkiye.com\\\/shop\\\/wp-content\\\/uploads\\\/2025\\\/02\\\/stoneplus2.png\",\"width\":1000,\"height\":1000,\"caption\":\"Stoneplus \u0130n\u015faat Yap\u0131 Ah\u015fap \u00dcr\u00fcnleri\"},\"image\":{\"@id\":\"https:\\\/\\\/www.stoneplusturkiye.com\\\/shop\\\/#\\\/schema\\\/logo\\\/image\\\/\"},\"sameAs\":[\"https:\\\/\\\/www.facebook.com\\\/stoneplusturkiye\\\/\"],\"description\":\"Stoneplus in\u015faat yap\u0131 ah\u015fap \u00fcr\u00fcnleri\",\"email\":\"bilgi@stoneplusturkiye.com\",\"telephone\":\"08504950590\",\"legalName\":\"Stoneplus \u0130n\u015f. Yap\u0131 Ah\u015fap \u00dcr\u00fcnleri\",\"taxID\":\"7810871242\",\"numberOfEmployees\":{\"@type\":\"QuantitativeValue\",\"minValue\":\"1\",\"maxValue\":\"10\"}}]}<\/script>\n<!-- \/ Yoast SEO Premium plugin. -->","yoast_head_json":{"title":"Beton Oturma Bank Modeli | Stoneplus Soft - Stoneplus Ah\u015fap \u00dcr\u00fcnleri","description":"Beton Oturma Bank Modeli fiyatlar\u0131 ah\u015fap oturma banklar\u0131 ve ah\u015fap modern bank \u00e7e\u015fitleri ile hizmetinizdeyiz ve tasar\u0131mlar\u0131m\u0131z\u0131 yay\u0131nl\u0131yoruz","robots":{"index":"index","follow":"follow","max-snippet":"max-snippet:-1","max-image-preview":"max-image-preview:large","max-video-preview":"max-video-preview:-1"},"canonical":"https:\/\/www.stoneplusturkiye.com\/shop\/urun\/beton-oturma-bank-modeli-stoneplus-soft\/","og_locale":"tr_TR","og_type":"article","og_title":"Beton Oturma Bank Modeli | Stoneplus Soft","og_description":"Beton Oturma Bank Modeli fiyatlar\u0131 ah\u015fap oturma banklar\u0131 ve ah\u015fap modern bank \u00e7e\u015fitleri ile hizmetinizdeyiz ve tasar\u0131mlar\u0131m\u0131z\u0131 yay\u0131nl\u0131yoruz","og_url":"https:\/\/www.stoneplusturkiye.com\/shop\/urun\/beton-oturma-bank-modeli-stoneplus-soft\/","og_site_name":"Stoneplus Ah\u015fap \u00dcr\u00fcnleri","article_publisher":"https:\/\/www.facebook.com\/stoneplusturkiye\/","article_modified_time":"2025-06-17T09:29:52+00:00","og_image":[{"width":2048,"height":1365,"url":"https:\/\/www.stoneplusturkiye.com\/shop\/wp-content\/uploads\/2025\/06\/1-10.jpg","type":"image\/jpeg"}],"twitter_card":"summary_large_image","twitter_misc":{"Tahmini okuma s\u00fcresi":"2 dakika"},"schema":{"@context":"https:\/\/schema.org","@graph":[{"@type":"WebPage","@id":"https:\/\/www.stoneplusturkiye.com\/shop\/urun\/beton-oturma-bank-modeli-stoneplus-soft\/","url":"https:\/\/www.stoneplusturkiye.com\/shop\/urun\/beton-oturma-bank-modeli-stoneplus-soft\/","name":"Beton Oturma Bank Modeli | Stoneplus Soft - Stoneplus Ah\u015fap \u00dcr\u00fcnleri","isPartOf":{"@id":"https:\/\/www.stoneplusturkiye.com\/shop\/#website"},"primaryImageOfPage":{"@id":"https:\/\/www.stoneplusturkiye.com\/shop\/urun\/beton-oturma-bank-modeli-stoneplus-soft\/#primaryimage"},"image":{"@id":"https:\/\/www.stoneplusturkiye.com\/shop\/urun\/beton-oturma-bank-modeli-stoneplus-soft\/#primaryimage"},"thumbnailUrl":"https:\/\/www.stoneplusturkiye.com\/shop\/wp-content\/uploads\/2025\/06\/1-10.jpg","datePublished":"2025-06-17T09:25:50+00:00","dateModified":"2025-06-17T09:29:52+00:00","description":"Beton Oturma Bank Modeli fiyatlar\u0131 ah\u015fap oturma banklar\u0131 ve ah\u015fap modern bank \u00e7e\u015fitleri ile hizmetinizdeyiz ve tasar\u0131mlar\u0131m\u0131z\u0131 yay\u0131nl\u0131yoruz","breadcrumb":{"@id":"https:\/\/www.stoneplusturkiye.com\/shop\/urun\/beton-oturma-bank-modeli-stoneplus-soft\/#breadcrumb"},"inLanguage":"tr","potentialAction":[{"@type":"ReadAction","target":["https:\/\/www.stoneplusturkiye.com\/shop\/urun\/beton-oturma-bank-modeli-stoneplus-soft\/"]}]},{"@type":"ImageObject","inLanguage":"tr","@id":"https:\/\/www.stoneplusturkiye.com\/shop\/urun\/beton-oturma-bank-modeli-stoneplus-soft\/#primaryimage","url":"https:\/\/www.stoneplusturkiye.com\/shop\/wp-content\/uploads\/2025\/06\/1-10.jpg","contentUrl":"https:\/\/www.stoneplusturkiye.com\/shop\/wp-content\/uploads\/2025\/06\/1-10.jpg","width":2048,"height":1365,"caption":"Beton Oturma Bank Modeli"},{"@type":"BreadcrumbList","@id":"https:\/\/www.stoneplusturkiye.com\/shop\/urun\/beton-oturma-bank-modeli-stoneplus-soft\/#breadcrumb","itemListElement":[{"@type":"ListItem","position":1,"name":"Home","item":"https:\/\/www.stoneplusturkiye.com\/shop\/"},{"@type":"ListItem","position":2,"name":"Ma\u011faza","item":"https:\/\/www.stoneplusturkiye.com\/shop\/magaza\/"},{"@type":"ListItem","position":3,"name":"Beton Oturma Bank Modeli | Stoneplus Soft"}]},{"@type":"WebSite","@id":"https:\/\/www.stoneplusturkiye.com\/shop\/#website","url":"https:\/\/www.stoneplusturkiye.com\/shop\/","name":"Stoneplus Ah\u015fap \u00dcr\u00fcnleri","description":"Stonewood Ah\u015fap \u00c7\u00f6z\u00fcmleri","publisher":{"@id":"https:\/\/www.stoneplusturkiye.com\/shop\/#organization"},"potentialAction":[{"@type":"SearchAction","target":{"@type":"EntryPoint","urlTemplate":"https:\/\/www.stoneplusturkiye.com\/shop\/?s={search_term_string}"},"query-input":{"@type":"PropertyValueSpecification","valueRequired":true,"valueName":"search_term_string"}}],"inLanguage":"tr"},{"@type":"Organization","@id":"https:\/\/www.stoneplusturkiye.com\/shop\/#organization","name":"Stoneplus \u0130n\u015faat Yap\u0131 Ah\u015fap \u00dcr\u00fcnleri","url":"https:\/\/www.stoneplusturkiye.com\/shop\/","logo":{"@type":"ImageObject","inLanguage":"tr","@id":"https:\/\/www.stoneplusturkiye.com\/shop\/#\/schema\/logo\/image\/","url":"https:\/\/www.stoneplusturkiye.com\/shop\/wp-content\/uploads\/2025\/02\/stoneplus2.png","contentUrl":"https:\/\/www.stoneplusturkiye.com\/shop\/wp-content\/uploads\/2025\/02\/stoneplus2.png","width":1000,"height":1000,"caption":"Stoneplus \u0130n\u015faat Yap\u0131 Ah\u015fap \u00dcr\u00fcnleri"},"image":{"@id":"https:\/\/www.stoneplusturkiye.com\/shop\/#\/schema\/logo\/image\/"},"sameAs":["https:\/\/www.facebook.com\/stoneplusturkiye\/"],"description":"Stoneplus in\u015faat yap\u0131 ah\u015fap \u00fcr\u00fcnleri","email":"bilgi@stoneplusturkiye.com","telephone":"08504950590","legalName":"Stoneplus \u0130n\u015f. Yap\u0131 Ah\u015fap \u00dcr\u00fcnleri","taxID":"7810871242","numberOfEmployees":{"@type":"QuantitativeValue","minValue":"1","maxValue":"10"}}]}},"_links":{"self":[{"href":"https:\/\/www.stoneplusturkiye.com\/shop\/wp-json\/wp\/v2\/product\/10625","targetHints":{"allow":["GET"]}}],"collection":[{"href":"https:\/\/www.stoneplusturkiye.com\/shop\/wp-json\/wp\/v2\/product"}],"about":[{"href":"https:\/\/www.stoneplusturkiye.com\/shop\/wp-json\/wp\/v2\/types\/product"}],"replies":[{"embeddable":true,"href":"https:\/\/www.stoneplusturkiye.com\/shop\/wp-json\/wp\/v2\/comments?post=10625"}],"version-history":[{"count":1,"href":"https:\/\/www.stoneplusturkiye.com\/shop\/wp-json\/wp\/v2\/product\/10625\/revisions"}],"predecessor-version":[{"id":10628,"href":"https:\/\/www.stoneplusturkiye.com\/shop\/wp-json\/wp\/v2\/product\/10625\/revisions\/10628"}],"wp:featuredmedia":[{"embeddable":true,"href":"https:\/\/www.stoneplusturkiye.com\/shop\/wp-json\/wp\/v2\/media\/10626"}],"wp:attachment":[{"href":"https:\/\/www.stoneplusturkiye.com\/shop\/wp-json\/wp\/v2\/media?parent=10625"}],"wp:term":[{"taxonomy":"product_brand","embeddable":true,"href":"https:\/\/www.stoneplusturkiye.com\/shop\/wp-json\/wp\/v2\/product_brand?post=10625"},{"taxonomy":"product_cat","embeddable":true,"href":"https:\/\/www.stoneplusturkiye.com\/shop\/wp-json\/wp\/v2\/product_cat?post=10625"},{"taxonomy":"product_tag","embeddable":true,"href":"https:\/\/www.stoneplusturkiye.com\/shop\/wp-json\/wp\/v2\/product_tag?post=10625"}],"curies":[{"name":"wp","href":"https:\/\/api.w.org\/{rel}","templated":true}]}}