{"id":10453,"date":"2025-06-16T15:03:34","date_gmt":"2025-06-16T12:03:34","guid":{"rendered":"https:\/\/www.stoneplusturkiye.com\/shop\/?post_type=product&#038;p=10453"},"modified":"2025-06-16T15:17:12","modified_gmt":"2025-06-16T12:17:12","slug":"aydinlatmali-modern-ikili-salincak","status":"publish","type":"product","link":"https:\/\/www.stoneplusturkiye.com\/shop\/urun\/aydinlatmali-modern-ikili-salincak\/","title":{"rendered":"Ayd\u0131nlatmal\u0131 Modern \u0130kili Sal\u0131ncak | Stonewood \u00c7ift Sal\u0131ncak"},"content":{"rendered":"<p data-start=\"0\" data-end=\"302\"><strong data-start=\"0\" data-end=\"38\">Ayd\u0131nlatmal\u0131 modern ikili sal\u0131ncak<\/strong>, hem estetik hem de konforu bir araya getiren \u015f\u0131k bir d\u0131\u015f mek\u00e2n mobilyas\u0131d\u0131r. Bah\u00e7elerde, teraslarda ve balkonlarda keyifli zaman ge\u00e7irmek isteyenler i\u00e7in ideal olan bu sal\u0131ncak modelleri, \u00f6zellikle ak\u015fam saatlerinde entegre ayd\u0131nlatmalar\u0131 sayesinde fark yarat\u0131r.<\/p>\n<p data-start=\"304\" data-end=\"663\"><strong data-start=\"304\" data-end=\"342\">Ayd\u0131nlatmal\u0131 modern ikili sal\u0131ncak<\/strong> tasar\u0131mlar\u0131nda genellikle metal g\u00f6vde ve dayan\u0131kl\u0131 kuma\u015f oturma alan\u0131 tercih edilir. Bu yap\u0131, hem sa\u011flaml\u0131k hem de modern bir g\u00f6r\u00fcn\u00fcm sunar. LED ayd\u0131nlatmalar genellikle \u00fcst tente k\u0131sm\u0131na ya da sal\u0131nca\u011f\u0131n yan profillerine entegre edilir. Bu sayede hem ambiyans ayd\u0131nlatmas\u0131 sa\u011flan\u0131r hem de dekoratif bir atmosfer olu\u015fur.<\/p>\n<p data-start=\"665\" data-end=\"953\">\u0130kili oturma \u00f6zelli\u011fi, \u00e7iftler ya da iki ki\u015filik aile bireyleri i\u00e7in konforlu bir kullan\u0131m sunar. Ergonomik tasar\u0131m sayesinde uzun s\u00fcre oturuldu\u011funda bile rahatl\u0131k korunur. Ayarlanabilir s\u0131rt dayama, yumu\u015fak minderler ve tente sistemiyle hem g\u00fcne\u015ften hem de r\u00fczg\u00e2rdan koruma sa\u011flanabilir.<\/p>\n<p data-start=\"955\" data-end=\"1299\" data-is-last-node=\"\" data-is-only-node=\"\"><strong data-start=\"955\" data-end=\"993\">Ayd\u0131nlatmal\u0131 modern ikili sal\u0131ncak<\/strong>, \u00f6zellikle ak\u015fam bah\u00e7ede kitap okumak, dinlenmek ya da ho\u015f sohbetler etmek isteyenler i\u00e7in ideal bir tercihtir. Estetik tasar\u0131m\u0131 sayesinde dekoratif olarak da dikkat \u00e7eker. D\u0131\u015f mek\u00e2n ya\u015fam alanlar\u0131na hem \u015f\u0131kl\u0131k hem de i\u015flevsellik kazand\u0131rmak isteyenler i\u00e7in bu modern sal\u0131ncak, vazge\u00e7ilmez bir se\u00e7enektir.<\/p>\n","protected":false},"excerpt":{"rendered":"<h5><strong data-start=\"0\" data-end=\"38\">Ayd\u0131nlatmal\u0131 modern ikili sal\u0131ncak<\/strong>, hem estetik hem de konforu bir araya getiren \u015f\u0131k bir d\u0131\u015f mek\u00e2n mobilyas\u0131d\u0131r. Bah\u00e7elerde, teraslarda ve balkonlarda keyifli zaman ge\u00e7irmek isteyenler i\u00e7in ideal olan bu sal\u0131ncak modelleri, \u00f6zellikle ak\u015fam saatlerinde entegre ayd\u0131nlatmalar\u0131 sayesinde fark yarat\u0131r.<\/h5>\n<h5><span style=\"color: #993300;\"><strong>Genel \u00d6zellikler | Hizmet Detaylar\u0131<br \/>\n<\/strong><\/span><\/h5>\n<div class=\"sizes__item\"><strong><span class=\"sizes__text\">Uzunluk : 6000 mm<\/span><\/strong><\/div>\n<div class=\"sizes__item\"><strong><span class=\"sizes__text\">Geni\u015flik: 2255 mm<\/span><\/strong><\/div>\n<div class=\"sizes__item\"><strong><span class=\"sizes__text\">Y\u00fckseklik: 2850 mm<\/span><\/strong><\/div>\n<h5><span style=\"color: #008080;\">Ah\u015fap ve Aluminyum renkleri taleplerinize g\u00f6re de\u011fi\u015fiklik g\u00f6sterebilmektedir. Ah\u015fap su bazl\u0131 boya uygulamalar\u0131 ile renk ve desenleri taleplerinize g\u00f6re imal edebilmekteyiz.<\/span><\/h5>\n<h5><span style=\"color: #993300;\">\u00a0Kurulum ve Nakliye Giderleri Fiyat\u0131m\u0131z Haricindedir. <\/span>Kurulum ve nakliye fiyatlar\u0131 de\u011fi\u015fiklik g\u00f6sterebilmektedir. Alan\u0131n\u0131za uygun farkl\u0131 y\u00fckseklik ve en oranlar\u0131 \u00f6zel taleplerinize g\u00f6re imal edilebilmektedir.<\/h5>\n<p>&nbsp;<\/p>\n","protected":false},"featured_media":10454,"comment_status":"closed","ping_status":"closed","template":"","meta":[],"product_brand":[263],"product_cat":[289],"product_tag":[290,278],"class_list":{"0":"post-10453","1":"product","2":"type-product","3":"status-publish","4":"has-post-thumbnail","6":"product_brand-stonewood","7":"product_cat-salincak-oyun-evleri","8":"product_tag-aydinlatmali-modern-ikili-salincak","9":"product_tag-salincak-modelleri","11":"first","12":"instock","13":"shipping-taxable","14":"purchasable","15":"product-type-simple"},"yoast_head":"<!-- This site is optimized with the Yoast SEO Premium plugin v24.8 (Yoast SEO v27.4) - https:\/\/yoast.com\/product\/yoast-seo-premium-wordpress\/ -->\n<title>Ayd\u0131nlatmal\u0131 Modern \u0130kili Sal\u0131ncak | Stonewood \u00c7ift Sal\u0131ncak - Stoneplus Ah\u015fap \u00dcr\u00fcnleri<\/title>\n<meta name=\"description\" content=\"Ayd\u0131nlatmal\u0131 modern ikili sal\u0131ncak ve sa\u011fl\u0131k sa\u011flamak \u00fczere tasarlanm\u0131\u015f birinci s\u0131n\u0131f Fin saunalar\u0131 serimizi sunmaktan gurur duyar\u0131z.\" \/>\n<meta name=\"robots\" content=\"index, follow, max-snippet:-1, max-image-preview:large, max-video-preview:-1\" \/>\n<link rel=\"canonical\" href=\"https:\/\/www.stoneplusturkiye.com\/shop\/urun\/aydinlatmali-modern-ikili-salincak\/\" \/>\n<meta property=\"og:locale\" content=\"tr_TR\" \/>\n<meta property=\"og:type\" content=\"article\" \/>\n<meta property=\"og:title\" content=\"Ayd\u0131nlatmal\u0131 Modern \u0130kili Sal\u0131ncak | Stonewood \u00c7ift Sal\u0131ncak\" \/>\n<meta property=\"og:description\" content=\"Ayd\u0131nlatmal\u0131 modern ikili sal\u0131ncak ve sa\u011fl\u0131k sa\u011flamak \u00fczere tasarlanm\u0131\u015f birinci s\u0131n\u0131f Fin saunalar\u0131 serimizi sunmaktan gurur duyar\u0131z.\" \/>\n<meta property=\"og:url\" content=\"https:\/\/www.stoneplusturkiye.com\/shop\/urun\/aydinlatmali-modern-ikili-salincak\/\" \/>\n<meta property=\"og:site_name\" content=\"Stoneplus Ah\u015fap \u00dcr\u00fcnleri\" \/>\n<meta property=\"article:publisher\" content=\"https:\/\/www.facebook.com\/stoneplusturkiye\/\" \/>\n<meta property=\"article:modified_time\" content=\"2025-06-16T12:17:12+00:00\" \/>\n<meta property=\"og:image\" content=\"https:\/\/www.stoneplusturkiye.com\/shop\/wp-content\/uploads\/2025\/06\/kch-0008-pergola-kacheli-dubl-rakurs-2-1-1280x720-1.jpg\" \/>\n\t<meta property=\"og:image:width\" content=\"1280\" \/>\n\t<meta property=\"og:image:height\" content=\"720\" \/>\n\t<meta property=\"og:image:type\" content=\"image\/jpeg\" \/>\n<meta name=\"twitter:card\" content=\"summary_large_image\" \/>\n<meta name=\"twitter:label1\" content=\"Tahmini okuma s\u00fcresi\" \/>\n\t<meta name=\"twitter:data1\" content=\"2 dakika\" \/>\n<script type=\"application\/ld+json\" class=\"yoast-schema-graph\">{\"@context\":\"https:\\\/\\\/schema.org\",\"@graph\":[{\"@type\":\"WebPage\",\"@id\":\"https:\\\/\\\/www.stoneplusturkiye.com\\\/shop\\\/urun\\\/aydinlatmali-modern-ikili-salincak\\\/\",\"url\":\"https:\\\/\\\/www.stoneplusturkiye.com\\\/shop\\\/urun\\\/aydinlatmali-modern-ikili-salincak\\\/\",\"name\":\"Ayd\u0131nlatmal\u0131 Modern \u0130kili Sal\u0131ncak | Stonewood \u00c7ift Sal\u0131ncak - Stoneplus Ah\u015fap \u00dcr\u00fcnleri\",\"isPartOf\":{\"@id\":\"https:\\\/\\\/www.stoneplusturkiye.com\\\/shop\\\/#website\"},\"primaryImageOfPage\":{\"@id\":\"https:\\\/\\\/www.stoneplusturkiye.com\\\/shop\\\/urun\\\/aydinlatmali-modern-ikili-salincak\\\/#primaryimage\"},\"image\":{\"@id\":\"https:\\\/\\\/www.stoneplusturkiye.com\\\/shop\\\/urun\\\/aydinlatmali-modern-ikili-salincak\\\/#primaryimage\"},\"thumbnailUrl\":\"https:\\\/\\\/www.stoneplusturkiye.com\\\/shop\\\/wp-content\\\/uploads\\\/2025\\\/06\\\/kch-0008-pergola-kacheli-dubl-rakurs-2-1-1280x720-1.jpg\",\"datePublished\":\"2025-06-16T12:03:34+00:00\",\"dateModified\":\"2025-06-16T12:17:12+00:00\",\"description\":\"Ayd\u0131nlatmal\u0131 modern ikili sal\u0131ncak ve sa\u011fl\u0131k sa\u011flamak \u00fczere tasarlanm\u0131\u015f birinci s\u0131n\u0131f Fin saunalar\u0131 serimizi sunmaktan gurur duyar\u0131z.\",\"breadcrumb\":{\"@id\":\"https:\\\/\\\/www.stoneplusturkiye.com\\\/shop\\\/urun\\\/aydinlatmali-modern-ikili-salincak\\\/#breadcrumb\"},\"inLanguage\":\"tr\",\"potentialAction\":[{\"@type\":\"ReadAction\",\"target\":[\"https:\\\/\\\/www.stoneplusturkiye.com\\\/shop\\\/urun\\\/aydinlatmali-modern-ikili-salincak\\\/\"]}]},{\"@type\":\"ImageObject\",\"inLanguage\":\"tr\",\"@id\":\"https:\\\/\\\/www.stoneplusturkiye.com\\\/shop\\\/urun\\\/aydinlatmali-modern-ikili-salincak\\\/#primaryimage\",\"url\":\"https:\\\/\\\/www.stoneplusturkiye.com\\\/shop\\\/wp-content\\\/uploads\\\/2025\\\/06\\\/kch-0008-pergola-kacheli-dubl-rakurs-2-1-1280x720-1.jpg\",\"contentUrl\":\"https:\\\/\\\/www.stoneplusturkiye.com\\\/shop\\\/wp-content\\\/uploads\\\/2025\\\/06\\\/kch-0008-pergola-kacheli-dubl-rakurs-2-1-1280x720-1.jpg\",\"width\":1280,\"height\":720,\"caption\":\"Ayd\u0131nlatmal\u0131 modern ikili sal\u0131ncak\"},{\"@type\":\"BreadcrumbList\",\"@id\":\"https:\\\/\\\/www.stoneplusturkiye.com\\\/shop\\\/urun\\\/aydinlatmali-modern-ikili-salincak\\\/#breadcrumb\",\"itemListElement\":[{\"@type\":\"ListItem\",\"position\":1,\"name\":\"Home\",\"item\":\"https:\\\/\\\/www.stoneplusturkiye.com\\\/shop\\\/\"},{\"@type\":\"ListItem\",\"position\":2,\"name\":\"Ma\u011faza\",\"item\":\"https:\\\/\\\/www.stoneplusturkiye.com\\\/shop\\\/magaza\\\/\"},{\"@type\":\"ListItem\",\"position\":3,\"name\":\"Ayd\u0131nlatmal\u0131 Modern \u0130kili Sal\u0131ncak | Stonewood \u00c7ift Sal\u0131ncak\"}]},{\"@type\":\"WebSite\",\"@id\":\"https:\\\/\\\/www.stoneplusturkiye.com\\\/shop\\\/#website\",\"url\":\"https:\\\/\\\/www.stoneplusturkiye.com\\\/shop\\\/\",\"name\":\"Stoneplus Ah\u015fap \u00dcr\u00fcnleri\",\"description\":\"Stonewood Ah\u015fap \u00c7\u00f6z\u00fcmleri\",\"publisher\":{\"@id\":\"https:\\\/\\\/www.stoneplusturkiye.com\\\/shop\\\/#organization\"},\"potentialAction\":[{\"@type\":\"SearchAction\",\"target\":{\"@type\":\"EntryPoint\",\"urlTemplate\":\"https:\\\/\\\/www.stoneplusturkiye.com\\\/shop\\\/?s={search_term_string}\"},\"query-input\":{\"@type\":\"PropertyValueSpecification\",\"valueRequired\":true,\"valueName\":\"search_term_string\"}}],\"inLanguage\":\"tr\"},{\"@type\":\"Organization\",\"@id\":\"https:\\\/\\\/www.stoneplusturkiye.com\\\/shop\\\/#organization\",\"name\":\"Stoneplus \u0130n\u015faat Yap\u0131 Ah\u015fap \u00dcr\u00fcnleri\",\"url\":\"https:\\\/\\\/www.stoneplusturkiye.com\\\/shop\\\/\",\"logo\":{\"@type\":\"ImageObject\",\"inLanguage\":\"tr\",\"@id\":\"https:\\\/\\\/www.stoneplusturkiye.com\\\/shop\\\/#\\\/schema\\\/logo\\\/image\\\/\",\"url\":\"https:\\\/\\\/www.stoneplusturkiye.com\\\/shop\\\/wp-content\\\/uploads\\\/2025\\\/02\\\/stoneplus2.png\",\"contentUrl\":\"https:\\\/\\\/www.stoneplusturkiye.com\\\/shop\\\/wp-content\\\/uploads\\\/2025\\\/02\\\/stoneplus2.png\",\"width\":1000,\"height\":1000,\"caption\":\"Stoneplus \u0130n\u015faat Yap\u0131 Ah\u015fap \u00dcr\u00fcnleri\"},\"image\":{\"@id\":\"https:\\\/\\\/www.stoneplusturkiye.com\\\/shop\\\/#\\\/schema\\\/logo\\\/image\\\/\"},\"sameAs\":[\"https:\\\/\\\/www.facebook.com\\\/stoneplusturkiye\\\/\"],\"description\":\"Stoneplus in\u015faat yap\u0131 ah\u015fap \u00fcr\u00fcnleri\",\"email\":\"bilgi@stoneplusturkiye.com\",\"telephone\":\"08504950590\",\"legalName\":\"Stoneplus \u0130n\u015f. Yap\u0131 Ah\u015fap \u00dcr\u00fcnleri\",\"taxID\":\"7810871242\",\"numberOfEmployees\":{\"@type\":\"QuantitativeValue\",\"minValue\":\"1\",\"maxValue\":\"10\"}}]}<\/script>\n<!-- \/ Yoast SEO Premium plugin. -->","yoast_head_json":{"title":"Ayd\u0131nlatmal\u0131 Modern \u0130kili Sal\u0131ncak | Stonewood \u00c7ift Sal\u0131ncak - Stoneplus Ah\u015fap \u00dcr\u00fcnleri","description":"Ayd\u0131nlatmal\u0131 modern ikili sal\u0131ncak ve sa\u011fl\u0131k sa\u011flamak \u00fczere tasarlanm\u0131\u015f birinci s\u0131n\u0131f Fin saunalar\u0131 serimizi sunmaktan gurur duyar\u0131z.","robots":{"index":"index","follow":"follow","max-snippet":"max-snippet:-1","max-image-preview":"max-image-preview:large","max-video-preview":"max-video-preview:-1"},"canonical":"https:\/\/www.stoneplusturkiye.com\/shop\/urun\/aydinlatmali-modern-ikili-salincak\/","og_locale":"tr_TR","og_type":"article","og_title":"Ayd\u0131nlatmal\u0131 Modern \u0130kili Sal\u0131ncak | Stonewood \u00c7ift Sal\u0131ncak","og_description":"Ayd\u0131nlatmal\u0131 modern ikili sal\u0131ncak ve sa\u011fl\u0131k sa\u011flamak \u00fczere tasarlanm\u0131\u015f birinci s\u0131n\u0131f Fin saunalar\u0131 serimizi sunmaktan gurur duyar\u0131z.","og_url":"https:\/\/www.stoneplusturkiye.com\/shop\/urun\/aydinlatmali-modern-ikili-salincak\/","og_site_name":"Stoneplus Ah\u015fap \u00dcr\u00fcnleri","article_publisher":"https:\/\/www.facebook.com\/stoneplusturkiye\/","article_modified_time":"2025-06-16T12:17:12+00:00","og_image":[{"width":1280,"height":720,"url":"https:\/\/www.stoneplusturkiye.com\/shop\/wp-content\/uploads\/2025\/06\/kch-0008-pergola-kacheli-dubl-rakurs-2-1-1280x720-1.jpg","type":"image\/jpeg"}],"twitter_card":"summary_large_image","twitter_misc":{"Tahmini okuma s\u00fcresi":"2 dakika"},"schema":{"@context":"https:\/\/schema.org","@graph":[{"@type":"WebPage","@id":"https:\/\/www.stoneplusturkiye.com\/shop\/urun\/aydinlatmali-modern-ikili-salincak\/","url":"https:\/\/www.stoneplusturkiye.com\/shop\/urun\/aydinlatmali-modern-ikili-salincak\/","name":"Ayd\u0131nlatmal\u0131 Modern \u0130kili Sal\u0131ncak | Stonewood \u00c7ift Sal\u0131ncak - Stoneplus Ah\u015fap \u00dcr\u00fcnleri","isPartOf":{"@id":"https:\/\/www.stoneplusturkiye.com\/shop\/#website"},"primaryImageOfPage":{"@id":"https:\/\/www.stoneplusturkiye.com\/shop\/urun\/aydinlatmali-modern-ikili-salincak\/#primaryimage"},"image":{"@id":"https:\/\/www.stoneplusturkiye.com\/shop\/urun\/aydinlatmali-modern-ikili-salincak\/#primaryimage"},"thumbnailUrl":"https:\/\/www.stoneplusturkiye.com\/shop\/wp-content\/uploads\/2025\/06\/kch-0008-pergola-kacheli-dubl-rakurs-2-1-1280x720-1.jpg","datePublished":"2025-06-16T12:03:34+00:00","dateModified":"2025-06-16T12:17:12+00:00","description":"Ayd\u0131nlatmal\u0131 modern ikili sal\u0131ncak ve sa\u011fl\u0131k sa\u011flamak \u00fczere tasarlanm\u0131\u015f birinci s\u0131n\u0131f Fin saunalar\u0131 serimizi sunmaktan gurur duyar\u0131z.","breadcrumb":{"@id":"https:\/\/www.stoneplusturkiye.com\/shop\/urun\/aydinlatmali-modern-ikili-salincak\/#breadcrumb"},"inLanguage":"tr","potentialAction":[{"@type":"ReadAction","target":["https:\/\/www.stoneplusturkiye.com\/shop\/urun\/aydinlatmali-modern-ikili-salincak\/"]}]},{"@type":"ImageObject","inLanguage":"tr","@id":"https:\/\/www.stoneplusturkiye.com\/shop\/urun\/aydinlatmali-modern-ikili-salincak\/#primaryimage","url":"https:\/\/www.stoneplusturkiye.com\/shop\/wp-content\/uploads\/2025\/06\/kch-0008-pergola-kacheli-dubl-rakurs-2-1-1280x720-1.jpg","contentUrl":"https:\/\/www.stoneplusturkiye.com\/shop\/wp-content\/uploads\/2025\/06\/kch-0008-pergola-kacheli-dubl-rakurs-2-1-1280x720-1.jpg","width":1280,"height":720,"caption":"Ayd\u0131nlatmal\u0131 modern ikili sal\u0131ncak"},{"@type":"BreadcrumbList","@id":"https:\/\/www.stoneplusturkiye.com\/shop\/urun\/aydinlatmali-modern-ikili-salincak\/#breadcrumb","itemListElement":[{"@type":"ListItem","position":1,"name":"Home","item":"https:\/\/www.stoneplusturkiye.com\/shop\/"},{"@type":"ListItem","position":2,"name":"Ma\u011faza","item":"https:\/\/www.stoneplusturkiye.com\/shop\/magaza\/"},{"@type":"ListItem","position":3,"name":"Ayd\u0131nlatmal\u0131 Modern \u0130kili Sal\u0131ncak | Stonewood \u00c7ift Sal\u0131ncak"}]},{"@type":"WebSite","@id":"https:\/\/www.stoneplusturkiye.com\/shop\/#website","url":"https:\/\/www.stoneplusturkiye.com\/shop\/","name":"Stoneplus Ah\u015fap \u00dcr\u00fcnleri","description":"Stonewood Ah\u015fap \u00c7\u00f6z\u00fcmleri","publisher":{"@id":"https:\/\/www.stoneplusturkiye.com\/shop\/#organization"},"potentialAction":[{"@type":"SearchAction","target":{"@type":"EntryPoint","urlTemplate":"https:\/\/www.stoneplusturkiye.com\/shop\/?s={search_term_string}"},"query-input":{"@type":"PropertyValueSpecification","valueRequired":true,"valueName":"search_term_string"}}],"inLanguage":"tr"},{"@type":"Organization","@id":"https:\/\/www.stoneplusturkiye.com\/shop\/#organization","name":"Stoneplus \u0130n\u015faat Yap\u0131 Ah\u015fap \u00dcr\u00fcnleri","url":"https:\/\/www.stoneplusturkiye.com\/shop\/","logo":{"@type":"ImageObject","inLanguage":"tr","@id":"https:\/\/www.stoneplusturkiye.com\/shop\/#\/schema\/logo\/image\/","url":"https:\/\/www.stoneplusturkiye.com\/shop\/wp-content\/uploads\/2025\/02\/stoneplus2.png","contentUrl":"https:\/\/www.stoneplusturkiye.com\/shop\/wp-content\/uploads\/2025\/02\/stoneplus2.png","width":1000,"height":1000,"caption":"Stoneplus \u0130n\u015faat Yap\u0131 Ah\u015fap \u00dcr\u00fcnleri"},"image":{"@id":"https:\/\/www.stoneplusturkiye.com\/shop\/#\/schema\/logo\/image\/"},"sameAs":["https:\/\/www.facebook.com\/stoneplusturkiye\/"],"description":"Stoneplus in\u015faat yap\u0131 ah\u015fap \u00fcr\u00fcnleri","email":"bilgi@stoneplusturkiye.com","telephone":"08504950590","legalName":"Stoneplus \u0130n\u015f. Yap\u0131 Ah\u015fap \u00dcr\u00fcnleri","taxID":"7810871242","numberOfEmployees":{"@type":"QuantitativeValue","minValue":"1","maxValue":"10"}}]}},"_links":{"self":[{"href":"https:\/\/www.stoneplusturkiye.com\/shop\/wp-json\/wp\/v2\/product\/10453","targetHints":{"allow":["GET"]}}],"collection":[{"href":"https:\/\/www.stoneplusturkiye.com\/shop\/wp-json\/wp\/v2\/product"}],"about":[{"href":"https:\/\/www.stoneplusturkiye.com\/shop\/wp-json\/wp\/v2\/types\/product"}],"replies":[{"embeddable":true,"href":"https:\/\/www.stoneplusturkiye.com\/shop\/wp-json\/wp\/v2\/comments?post=10453"}],"version-history":[{"count":2,"href":"https:\/\/www.stoneplusturkiye.com\/shop\/wp-json\/wp\/v2\/product\/10453\/revisions"}],"predecessor-version":[{"id":10462,"href":"https:\/\/www.stoneplusturkiye.com\/shop\/wp-json\/wp\/v2\/product\/10453\/revisions\/10462"}],"wp:featuredmedia":[{"embeddable":true,"href":"https:\/\/www.stoneplusturkiye.com\/shop\/wp-json\/wp\/v2\/media\/10454"}],"wp:attachment":[{"href":"https:\/\/www.stoneplusturkiye.com\/shop\/wp-json\/wp\/v2\/media?parent=10453"}],"wp:term":[{"taxonomy":"product_brand","embeddable":true,"href":"https:\/\/www.stoneplusturkiye.com\/shop\/wp-json\/wp\/v2\/product_brand?post=10453"},{"taxonomy":"product_cat","embeddable":true,"href":"https:\/\/www.stoneplusturkiye.com\/shop\/wp-json\/wp\/v2\/product_cat?post=10453"},{"taxonomy":"product_tag","embeddable":true,"href":"https:\/\/www.stoneplusturkiye.com\/shop\/wp-json\/wp\/v2\/product_tag?post=10453"}],"curies":[{"name":"wp","href":"https:\/\/api.w.org\/{rel}","templated":true}]}}