{"id":10316,"date":"2025-06-14T17:12:27","date_gmt":"2025-06-14T14:12:27","guid":{"rendered":"https:\/\/www.stoneplusturkiye.com\/shop\/?post_type=product&#038;p=10316"},"modified":"2025-06-14T19:46:18","modified_gmt":"2025-06-14T16:46:18","slug":"modern-pergola-salincak","status":"publish","type":"product","link":"https:\/\/www.stoneplusturkiye.com\/shop\/urun\/modern-pergola-salincak\/","title":{"rendered":"Modern Pergola Sal\u0131ncak | Stonewood Sal\u0131ncak"},"content":{"rendered":"<p data-start=\"113\" data-end=\"823\">Konforu ve esteti\u011fi bir araya getiren <strong data-start=\"151\" data-end=\"178\">modern pergola sal\u0131ncak<\/strong> modelleri, d\u0131\u015f mekan keyfini bir \u00fcst seviyeye ta\u015f\u0131yor. Bah\u00e7e, teras, balkon ve veranda gibi alanlarda hem g\u00f6lgelik i\u015flevi g\u00f6ren hem de dinlendirici bir sal\u0131ncak deneyimi sunan bu \u00fcr\u00fcnler, \u015f\u0131k tasar\u0131mlar\u0131yla dikkat \u00e7eker. G\u00fcne\u015f \u0131\u015f\u0131nlar\u0131na ve hava ko\u015fullar\u0131na dayan\u0131kl\u0131 malzemelerle \u00fcretilen <strong data-start=\"469\" data-end=\"499\">modern pergola sal\u0131ncaklar<\/strong>, uzun \u00f6m\u00fcrl\u00fc yap\u0131lar\u0131yla her mevsim g\u00fcvenle kullan\u0131labilir. Minimalist \u00e7izgiler, modern renk se\u00e7enekleri ve ergonomik oturum alanlar\u0131yla hem g\u00f6rsel hem de fiziksel rahatl\u0131k sa\u011flar. D\u0131\u015f mekanlar\u0131n\u0131za modern bir dokunu\u015f katmak ve huzurlu bir dinlenme alan\u0131 olu\u015fturmak istiyorsan\u0131z, pergola sal\u0131ncak se\u00e7enekleri tam size g\u00f6re.<\/p>\n","protected":false},"excerpt":{"rendered":"<p data-start=\"113\" data-end=\"823\"><strong>Konforu ve esteti\u011fi bir araya getiren modern pergola sal\u0131ncak modelleri, d\u0131\u015f mekan keyfini bir \u00fcst seviyeye ta\u015f\u0131yor. Bah\u00e7e, teras, balkon ve veranda gibi alanlarda hem g\u00f6lgelik i\u015flevi g\u00f6ren hem de dinlendirici bir sal\u0131ncak deneyimi sunan bu \u00fcr\u00fcnler, \u015f\u0131k tasar\u0131mlar\u0131yla dikkat \u00e7eker. G\u00fcne\u015f \u0131\u015f\u0131nlar\u0131na ve hava ko\u015fullar\u0131na dayan\u0131kl\u0131 malzemelerle \u00fcretilen modern pergola sal\u0131ncaklar, uzun \u00f6m\u00fcrl\u00fc yap\u0131lar\u0131yla her mevsim g\u00fcvenle kullan\u0131labilir. Minimalist \u00e7izgiler, modern renk se\u00e7enekleri ve ergonomik oturum alanlar\u0131yla hem g\u00f6rsel hem de fiziksel rahatl\u0131k sa\u011flar. D\u0131\u015f mekanlar\u0131n\u0131za modern bir dokunu\u015f katmak ve huzurlu bir dinlenme alan\u0131 olu\u015fturmak istiyorsan\u0131z, pergola sal\u0131ncak se\u00e7enekleri tam size g\u00f6re.<\/strong><\/p>\n<h5><span style=\"color: #993300;\"><strong style=\"color: #993300;\">Genel \u00d6zellikler | Hizmet Detaylar\u0131<br \/>\n<\/strong><\/span><\/h5>\n<div class=\"specs__item\"><strong><span class=\"specs__label-text\">A\u011fa\u00e7: <\/span>Sibirya kara\u00e7am\u0131. S\u0131n\u0131f &#8211;\u00a0 A\/B<\/strong><\/div>\n<div class=\"specs__item\"><strong><span class=\"specs__label-text\">Metal: <\/span>\u00c7er\u00e7eve &#8211; \u00e7elik, fosfatla i\u015flenmi\u015f ve \u00e7inko astar\u0131 eklenerek toz boya ile boyanm\u0131\u015ft\u0131r, <\/strong><br \/>\n<strong>Zincirler &#8211; paslanmaz \u00e7elik<\/strong><br \/>\n<strong>D\u00fc\u015f\u00fck bas\u0131n\u00e7l\u0131 polietilenden yap\u0131lm\u0131\u015f, LED elemanl\u0131, Arka ayd\u0131nlatma ip 65 ile donat\u0131lm\u0131\u015f halka<\/strong><\/div>\n<h5><span style=\"color: #008080;\">Aluminyum renkleri taleplerinize g\u00f6re de\u011fi\u015fiklik g\u00f6sterebilmektedir. Ah\u015fap su bazl\u0131 boya uygulamalar\u0131 ile renk ve desenleri taleplerinize g\u00f6re imal edebilmekteyiz.<\/span><\/h5>\n<h5><span style=\"color: #993300;\">Kurulum ve Nakliye Giderleri Fiyat\u0131m\u0131z Haricindedir. <\/span>Kurulum ve nakliye fiyatlar\u0131 de\u011fi\u015fiklik g\u00f6sterebilmektedir. Alan\u0131n\u0131za uygun farkl\u0131 y\u00fckseklik ve en oranlar\u0131 \u00f6zel taleplerinize g\u00f6re imal edilebilmektedir.<\/h5>\n<p>&nbsp;<\/p>\n","protected":false},"featured_media":10341,"comment_status":"closed","ping_status":"closed","template":"","meta":[],"product_brand":[263],"product_cat":[262],"product_tag":[271,266,265,268],"class_list":{"0":"post-10316","1":"product","2":"type-product","3":"status-publish","4":"has-post-thumbnail","6":"product_brand-stonewood","7":"product_cat-pergola-yuruyus-yollari","8":"product_tag-modern-pergola-salincak","9":"product_tag-pergola-modelleri","10":"product_tag-pergole-modelleri","11":"product_tag-semsiye-golgelik","13":"first","14":"instock","15":"shipping-taxable","16":"purchasable","17":"product-type-simple"},"yoast_head":"<!-- This site is optimized with the Yoast SEO Premium plugin v24.8 (Yoast SEO v27.3) - https:\/\/yoast.com\/product\/yoast-seo-premium-wordpress\/ -->\n<title>Modern Pergola Sal\u0131ncak | Stonewood Sal\u0131ncak - Stoneplus Ah\u015fap \u00dcr\u00fcnleri<\/title>\n<meta name=\"description\" content=\"Modern Pergola Sal\u0131ncak Pergola rahatlama ve sa\u011fl\u0131k sa\u011flamak \u00fczere tasarlanm\u0131\u015f birinci s\u0131n\u0131f Fin saunalar\u0131 serimizi sunmaktan gurur duyar\u0131z.\" \/>\n<meta name=\"robots\" content=\"index, follow, max-snippet:-1, max-image-preview:large, max-video-preview:-1\" \/>\n<link rel=\"canonical\" href=\"https:\/\/www.stoneplusturkiye.com\/shop\/urun\/modern-pergola-salincak\/\" \/>\n<meta property=\"og:locale\" content=\"tr_TR\" \/>\n<meta property=\"og:type\" content=\"article\" \/>\n<meta property=\"og:title\" content=\"Modern Pergola Sal\u0131ncak | Stonewood Sal\u0131ncak\" \/>\n<meta property=\"og:description\" content=\"Modern Pergola Sal\u0131ncak Pergola rahatlama ve sa\u011fl\u0131k sa\u011flamak \u00fczere tasarlanm\u0131\u015f birinci s\u0131n\u0131f Fin saunalar\u0131 serimizi sunmaktan gurur duyar\u0131z.\" \/>\n<meta property=\"og:url\" content=\"https:\/\/www.stoneplusturkiye.com\/shop\/urun\/modern-pergola-salincak\/\" \/>\n<meta property=\"og:site_name\" content=\"Stoneplus Ah\u015fap \u00dcr\u00fcnleri\" \/>\n<meta property=\"article:publisher\" content=\"https:\/\/www.facebook.com\/stoneplusturkiye\/\" \/>\n<meta property=\"article:modified_time\" content=\"2025-06-14T16:46:18+00:00\" \/>\n<meta property=\"og:image\" content=\"https:\/\/www.stoneplusturkiye.com\/shop\/wp-content\/uploads\/2025\/06\/1-min.jpg\" \/>\n\t<meta property=\"og:image:width\" content=\"2048\" \/>\n\t<meta property=\"og:image:height\" content=\"1365\" \/>\n\t<meta property=\"og:image:type\" content=\"image\/jpeg\" \/>\n<meta name=\"twitter:card\" content=\"summary_large_image\" \/>\n<meta name=\"twitter:label1\" content=\"Tahmini okuma s\u00fcresi\" \/>\n\t<meta name=\"twitter:data1\" content=\"1 dakika\" \/>\n<script type=\"application\/ld+json\" class=\"yoast-schema-graph\">{\"@context\":\"https:\\\/\\\/schema.org\",\"@graph\":[{\"@type\":\"WebPage\",\"@id\":\"https:\\\/\\\/www.stoneplusturkiye.com\\\/shop\\\/urun\\\/modern-pergola-salincak\\\/\",\"url\":\"https:\\\/\\\/www.stoneplusturkiye.com\\\/shop\\\/urun\\\/modern-pergola-salincak\\\/\",\"name\":\"Modern Pergola Sal\u0131ncak | Stonewood Sal\u0131ncak - Stoneplus Ah\u015fap \u00dcr\u00fcnleri\",\"isPartOf\":{\"@id\":\"https:\\\/\\\/www.stoneplusturkiye.com\\\/shop\\\/#website\"},\"primaryImageOfPage\":{\"@id\":\"https:\\\/\\\/www.stoneplusturkiye.com\\\/shop\\\/urun\\\/modern-pergola-salincak\\\/#primaryimage\"},\"image\":{\"@id\":\"https:\\\/\\\/www.stoneplusturkiye.com\\\/shop\\\/urun\\\/modern-pergola-salincak\\\/#primaryimage\"},\"thumbnailUrl\":\"https:\\\/\\\/www.stoneplusturkiye.com\\\/shop\\\/wp-content\\\/uploads\\\/2025\\\/06\\\/1-min.jpg\",\"datePublished\":\"2025-06-14T14:12:27+00:00\",\"dateModified\":\"2025-06-14T16:46:18+00:00\",\"description\":\"Modern Pergola Sal\u0131ncak Pergola rahatlama ve sa\u011fl\u0131k sa\u011flamak \u00fczere tasarlanm\u0131\u015f birinci s\u0131n\u0131f Fin saunalar\u0131 serimizi sunmaktan gurur duyar\u0131z.\",\"breadcrumb\":{\"@id\":\"https:\\\/\\\/www.stoneplusturkiye.com\\\/shop\\\/urun\\\/modern-pergola-salincak\\\/#breadcrumb\"},\"inLanguage\":\"tr\",\"potentialAction\":[{\"@type\":\"ReadAction\",\"target\":[\"https:\\\/\\\/www.stoneplusturkiye.com\\\/shop\\\/urun\\\/modern-pergola-salincak\\\/\"]}]},{\"@type\":\"ImageObject\",\"inLanguage\":\"tr\",\"@id\":\"https:\\\/\\\/www.stoneplusturkiye.com\\\/shop\\\/urun\\\/modern-pergola-salincak\\\/#primaryimage\",\"url\":\"https:\\\/\\\/www.stoneplusturkiye.com\\\/shop\\\/wp-content\\\/uploads\\\/2025\\\/06\\\/1-min.jpg\",\"contentUrl\":\"https:\\\/\\\/www.stoneplusturkiye.com\\\/shop\\\/wp-content\\\/uploads\\\/2025\\\/06\\\/1-min.jpg\",\"width\":2048,\"height\":1365,\"caption\":\"Modern Pergola Sal\u0131ncak\"},{\"@type\":\"BreadcrumbList\",\"@id\":\"https:\\\/\\\/www.stoneplusturkiye.com\\\/shop\\\/urun\\\/modern-pergola-salincak\\\/#breadcrumb\",\"itemListElement\":[{\"@type\":\"ListItem\",\"position\":1,\"name\":\"Home\",\"item\":\"https:\\\/\\\/www.stoneplusturkiye.com\\\/shop\\\/\"},{\"@type\":\"ListItem\",\"position\":2,\"name\":\"Ma\u011faza\",\"item\":\"https:\\\/\\\/www.stoneplusturkiye.com\\\/shop\\\/magaza\\\/\"},{\"@type\":\"ListItem\",\"position\":3,\"name\":\"Modern Pergola Sal\u0131ncak | Stonewood Sal\u0131ncak\"}]},{\"@type\":\"WebSite\",\"@id\":\"https:\\\/\\\/www.stoneplusturkiye.com\\\/shop\\\/#website\",\"url\":\"https:\\\/\\\/www.stoneplusturkiye.com\\\/shop\\\/\",\"name\":\"Stoneplus Ah\u015fap \u00dcr\u00fcnleri\",\"description\":\"Stonewood Ah\u015fap \u00c7\u00f6z\u00fcmleri\",\"publisher\":{\"@id\":\"https:\\\/\\\/www.stoneplusturkiye.com\\\/shop\\\/#organization\"},\"potentialAction\":[{\"@type\":\"SearchAction\",\"target\":{\"@type\":\"EntryPoint\",\"urlTemplate\":\"https:\\\/\\\/www.stoneplusturkiye.com\\\/shop\\\/?s={search_term_string}\"},\"query-input\":{\"@type\":\"PropertyValueSpecification\",\"valueRequired\":true,\"valueName\":\"search_term_string\"}}],\"inLanguage\":\"tr\"},{\"@type\":\"Organization\",\"@id\":\"https:\\\/\\\/www.stoneplusturkiye.com\\\/shop\\\/#organization\",\"name\":\"Stoneplus \u0130n\u015faat Yap\u0131 Ah\u015fap \u00dcr\u00fcnleri\",\"url\":\"https:\\\/\\\/www.stoneplusturkiye.com\\\/shop\\\/\",\"logo\":{\"@type\":\"ImageObject\",\"inLanguage\":\"tr\",\"@id\":\"https:\\\/\\\/www.stoneplusturkiye.com\\\/shop\\\/#\\\/schema\\\/logo\\\/image\\\/\",\"url\":\"https:\\\/\\\/www.stoneplusturkiye.com\\\/shop\\\/wp-content\\\/uploads\\\/2025\\\/02\\\/stoneplus2.png\",\"contentUrl\":\"https:\\\/\\\/www.stoneplusturkiye.com\\\/shop\\\/wp-content\\\/uploads\\\/2025\\\/02\\\/stoneplus2.png\",\"width\":1000,\"height\":1000,\"caption\":\"Stoneplus \u0130n\u015faat Yap\u0131 Ah\u015fap \u00dcr\u00fcnleri\"},\"image\":{\"@id\":\"https:\\\/\\\/www.stoneplusturkiye.com\\\/shop\\\/#\\\/schema\\\/logo\\\/image\\\/\"},\"sameAs\":[\"https:\\\/\\\/www.facebook.com\\\/stoneplusturkiye\\\/\"],\"description\":\"Stoneplus in\u015faat yap\u0131 ah\u015fap \u00fcr\u00fcnleri\",\"email\":\"bilgi@stoneplusturkiye.com\",\"telephone\":\"08504950590\",\"legalName\":\"Stoneplus \u0130n\u015f. Yap\u0131 Ah\u015fap \u00dcr\u00fcnleri\",\"taxID\":\"7810871242\",\"numberOfEmployees\":{\"@type\":\"QuantitativeValue\",\"minValue\":\"1\",\"maxValue\":\"10\"}}]}<\/script>\n<!-- \/ Yoast SEO Premium plugin. -->","yoast_head_json":{"title":"Modern Pergola Sal\u0131ncak | Stonewood Sal\u0131ncak - Stoneplus Ah\u015fap \u00dcr\u00fcnleri","description":"Modern Pergola Sal\u0131ncak Pergola rahatlama ve sa\u011fl\u0131k sa\u011flamak \u00fczere tasarlanm\u0131\u015f birinci s\u0131n\u0131f Fin saunalar\u0131 serimizi sunmaktan gurur duyar\u0131z.","robots":{"index":"index","follow":"follow","max-snippet":"max-snippet:-1","max-image-preview":"max-image-preview:large","max-video-preview":"max-video-preview:-1"},"canonical":"https:\/\/www.stoneplusturkiye.com\/shop\/urun\/modern-pergola-salincak\/","og_locale":"tr_TR","og_type":"article","og_title":"Modern Pergola Sal\u0131ncak | Stonewood Sal\u0131ncak","og_description":"Modern Pergola Sal\u0131ncak Pergola rahatlama ve sa\u011fl\u0131k sa\u011flamak \u00fczere tasarlanm\u0131\u015f birinci s\u0131n\u0131f Fin saunalar\u0131 serimizi sunmaktan gurur duyar\u0131z.","og_url":"https:\/\/www.stoneplusturkiye.com\/shop\/urun\/modern-pergola-salincak\/","og_site_name":"Stoneplus Ah\u015fap \u00dcr\u00fcnleri","article_publisher":"https:\/\/www.facebook.com\/stoneplusturkiye\/","article_modified_time":"2025-06-14T16:46:18+00:00","og_image":[{"width":2048,"height":1365,"url":"https:\/\/www.stoneplusturkiye.com\/shop\/wp-content\/uploads\/2025\/06\/1-min.jpg","type":"image\/jpeg"}],"twitter_card":"summary_large_image","twitter_misc":{"Tahmini okuma s\u00fcresi":"1 dakika"},"schema":{"@context":"https:\/\/schema.org","@graph":[{"@type":"WebPage","@id":"https:\/\/www.stoneplusturkiye.com\/shop\/urun\/modern-pergola-salincak\/","url":"https:\/\/www.stoneplusturkiye.com\/shop\/urun\/modern-pergola-salincak\/","name":"Modern Pergola Sal\u0131ncak | Stonewood Sal\u0131ncak - Stoneplus Ah\u015fap \u00dcr\u00fcnleri","isPartOf":{"@id":"https:\/\/www.stoneplusturkiye.com\/shop\/#website"},"primaryImageOfPage":{"@id":"https:\/\/www.stoneplusturkiye.com\/shop\/urun\/modern-pergola-salincak\/#primaryimage"},"image":{"@id":"https:\/\/www.stoneplusturkiye.com\/shop\/urun\/modern-pergola-salincak\/#primaryimage"},"thumbnailUrl":"https:\/\/www.stoneplusturkiye.com\/shop\/wp-content\/uploads\/2025\/06\/1-min.jpg","datePublished":"2025-06-14T14:12:27+00:00","dateModified":"2025-06-14T16:46:18+00:00","description":"Modern Pergola Sal\u0131ncak Pergola rahatlama ve sa\u011fl\u0131k sa\u011flamak \u00fczere tasarlanm\u0131\u015f birinci s\u0131n\u0131f Fin saunalar\u0131 serimizi sunmaktan gurur duyar\u0131z.","breadcrumb":{"@id":"https:\/\/www.stoneplusturkiye.com\/shop\/urun\/modern-pergola-salincak\/#breadcrumb"},"inLanguage":"tr","potentialAction":[{"@type":"ReadAction","target":["https:\/\/www.stoneplusturkiye.com\/shop\/urun\/modern-pergola-salincak\/"]}]},{"@type":"ImageObject","inLanguage":"tr","@id":"https:\/\/www.stoneplusturkiye.com\/shop\/urun\/modern-pergola-salincak\/#primaryimage","url":"https:\/\/www.stoneplusturkiye.com\/shop\/wp-content\/uploads\/2025\/06\/1-min.jpg","contentUrl":"https:\/\/www.stoneplusturkiye.com\/shop\/wp-content\/uploads\/2025\/06\/1-min.jpg","width":2048,"height":1365,"caption":"Modern Pergola Sal\u0131ncak"},{"@type":"BreadcrumbList","@id":"https:\/\/www.stoneplusturkiye.com\/shop\/urun\/modern-pergola-salincak\/#breadcrumb","itemListElement":[{"@type":"ListItem","position":1,"name":"Home","item":"https:\/\/www.stoneplusturkiye.com\/shop\/"},{"@type":"ListItem","position":2,"name":"Ma\u011faza","item":"https:\/\/www.stoneplusturkiye.com\/shop\/magaza\/"},{"@type":"ListItem","position":3,"name":"Modern Pergola Sal\u0131ncak | Stonewood Sal\u0131ncak"}]},{"@type":"WebSite","@id":"https:\/\/www.stoneplusturkiye.com\/shop\/#website","url":"https:\/\/www.stoneplusturkiye.com\/shop\/","name":"Stoneplus Ah\u015fap \u00dcr\u00fcnleri","description":"Stonewood Ah\u015fap \u00c7\u00f6z\u00fcmleri","publisher":{"@id":"https:\/\/www.stoneplusturkiye.com\/shop\/#organization"},"potentialAction":[{"@type":"SearchAction","target":{"@type":"EntryPoint","urlTemplate":"https:\/\/www.stoneplusturkiye.com\/shop\/?s={search_term_string}"},"query-input":{"@type":"PropertyValueSpecification","valueRequired":true,"valueName":"search_term_string"}}],"inLanguage":"tr"},{"@type":"Organization","@id":"https:\/\/www.stoneplusturkiye.com\/shop\/#organization","name":"Stoneplus \u0130n\u015faat Yap\u0131 Ah\u015fap \u00dcr\u00fcnleri","url":"https:\/\/www.stoneplusturkiye.com\/shop\/","logo":{"@type":"ImageObject","inLanguage":"tr","@id":"https:\/\/www.stoneplusturkiye.com\/shop\/#\/schema\/logo\/image\/","url":"https:\/\/www.stoneplusturkiye.com\/shop\/wp-content\/uploads\/2025\/02\/stoneplus2.png","contentUrl":"https:\/\/www.stoneplusturkiye.com\/shop\/wp-content\/uploads\/2025\/02\/stoneplus2.png","width":1000,"height":1000,"caption":"Stoneplus \u0130n\u015faat Yap\u0131 Ah\u015fap \u00dcr\u00fcnleri"},"image":{"@id":"https:\/\/www.stoneplusturkiye.com\/shop\/#\/schema\/logo\/image\/"},"sameAs":["https:\/\/www.facebook.com\/stoneplusturkiye\/"],"description":"Stoneplus in\u015faat yap\u0131 ah\u015fap \u00fcr\u00fcnleri","email":"bilgi@stoneplusturkiye.com","telephone":"08504950590","legalName":"Stoneplus \u0130n\u015f. Yap\u0131 Ah\u015fap \u00dcr\u00fcnleri","taxID":"7810871242","numberOfEmployees":{"@type":"QuantitativeValue","minValue":"1","maxValue":"10"}}]}},"_links":{"self":[{"href":"https:\/\/www.stoneplusturkiye.com\/shop\/wp-json\/wp\/v2\/product\/10316","targetHints":{"allow":["GET"]}}],"collection":[{"href":"https:\/\/www.stoneplusturkiye.com\/shop\/wp-json\/wp\/v2\/product"}],"about":[{"href":"https:\/\/www.stoneplusturkiye.com\/shop\/wp-json\/wp\/v2\/types\/product"}],"replies":[{"embeddable":true,"href":"https:\/\/www.stoneplusturkiye.com\/shop\/wp-json\/wp\/v2\/comments?post=10316"}],"version-history":[{"count":9,"href":"https:\/\/www.stoneplusturkiye.com\/shop\/wp-json\/wp\/v2\/product\/10316\/revisions"}],"predecessor-version":[{"id":10347,"href":"https:\/\/www.stoneplusturkiye.com\/shop\/wp-json\/wp\/v2\/product\/10316\/revisions\/10347"}],"wp:featuredmedia":[{"embeddable":true,"href":"https:\/\/www.stoneplusturkiye.com\/shop\/wp-json\/wp\/v2\/media\/10341"}],"wp:attachment":[{"href":"https:\/\/www.stoneplusturkiye.com\/shop\/wp-json\/wp\/v2\/media?parent=10316"}],"wp:term":[{"taxonomy":"product_brand","embeddable":true,"href":"https:\/\/www.stoneplusturkiye.com\/shop\/wp-json\/wp\/v2\/product_brand?post=10316"},{"taxonomy":"product_cat","embeddable":true,"href":"https:\/\/www.stoneplusturkiye.com\/shop\/wp-json\/wp\/v2\/product_cat?post=10316"},{"taxonomy":"product_tag","embeddable":true,"href":"https:\/\/www.stoneplusturkiye.com\/shop\/wp-json\/wp\/v2\/product_tag?post=10316"}],"curies":[{"name":"wp","href":"https:\/\/api.w.org\/{rel}","templated":true}]}}